{"id":10360,"date":"2019-01-14T22:02:51","date_gmt":"2019-01-14T21:02:51","guid":{"rendered":"http:\/\/mpfef.gouv.ml\/?page_id=10360"},"modified":"2019-01-14T22:02:54","modified_gmt":"2019-01-14T21:02:54","slug":"direction-nationale-de-la-promotion-de-lenfant-et-de-la-famille","status":"publish","type":"page","link":"http:\/\/mpfef.gouv.ml\/index.php\/direction-nationale-de-la-promotion-de-lenfant-et-de-la-famille\/","title":{"rendered":"DIRECTION NATIONALE DE LA PROMOTION DE L&rsquo;ENFANT ET DE LA FAMILLE"},"content":{"rendered":"\n<p>       <\/p>\n\n\n\n<p>      <\/p>\n\n\n\n<div class=\"wp-block-image\"><figure class=\"aligncenter\"><img loading=\"lazy\" decoding=\"async\" width=\"200\" height=\"183\" src=\"http:\/\/mpfef.gouv.ml\/wp-content\/uploads\/2019\/01\/photo_dnpef1.jpg\" alt=\"\" class=\"wp-image-10361\"\/><\/figure><\/div>\n\n\n\n<table class=\"wp-block-table\"><tbody><tr><td><strong>PRESENTATION<\/strong><br><strong>I. CREATION\u00a0:<\/strong> La Direction   Nationale de   la Promotion   de l\u2019Enfant et de la   Famille est un service central du Minist\u00e8re de la Promotion de la Femme de l\u2019Enfant et   de la Famille,   cr\u00e9\u00e9 par l\u2019ordonnance N\u00b0 99- 010\u00a0\/P-RM\u00a0   DU 01 AVR. 1999 et ratifi\u00e9e par la  <strong>LOI N\u00b0 99-019  DU 11 JUIN 1999 <\/strong>.<strong>LOI N\u00b0 99-019 DU 11 JUIN 1999  PORTANT RATIFICATION <\/strong><br><strong>DE L\u2019ORDONNANCE N\u00b0 99-010\/P-RM  DU 01 AVRIL 1999 PORTANT CREATION DE LE DIRECTION NATIONALE DE LA PROMOTION DE L\u2019ENFANT  ET DE LA FAMILLEL\u2019Assembl\u00e9e  Nationale a d\u00e9lib\u00e9r\u00e9 et adopt\u00e9 en sa s\u00e9ance du 14 mai 1999.Le Pr\u00e9sident de la R\u00e9publique promulgue la  loi dont le teneur suit\u00a0:Article unique\u00a0: <\/strong>Est ratifi\u00e9e l\u2019Ordonnance n\u00b0  99-010\/P-RM du 01 avril 1999 portant cr\u00e9ation de la Direction Nationale  de la Promotion  de l\u2019Enfante et de la   Famille. <strong>Bamako, le 11 juin 1999Le Pr\u00e9sident de la R\u00e9publique<\/strong><br><strong>Alpha Oumar KONARE<\/strong>\u00a0\u00a0<strong>II. MISSION<\/strong> :La   DNPEF a pour mission   l\u2019\u00e9laboration des \u00e9l\u00e9ments de la politique nationale en mati\u00e8re de promotion de   l\u2019Enfant et du bien \u00eatre familial ainsi que la coordination et le contr\u00f4le de la   mise en \u0153uvre de ladite politique.A cet effet, elle est   charg\u00e9e de\u00a0:Elaborer les programmes et les plans d\u2019actions de   promotion de l\u2019Enfant et de la   Famille\u00a0; R\u00e9aliser les recherches, \u00e9tudes et enqu\u00eates relatives   au statut juridique, \u00e9conomique, social et culturel de l\u2019Enfant et de   la Famille\u00a0; conduire les actions visant la promotion de l\u2019Enfant   et de la   Famille\u00a0; coordonner, suivre et contr\u00f4ler les activit\u00e9s de   promotion de l\u2019Enfant et de la   Famille men\u00e9es par les services et organismes publics. III. LES STRUCTURES:La DNPEF comprend deux divisions\u00a0:la   Division Promotion de   l\u2019Enfant\u00a0; la   Division Promotion de   la Famille<strong> 1. DIVISION PROMOTION ENFANT:<\/strong>La Division promotion Enfant est charg\u00e9e   de\u00a0:concevoir, ex\u00e9cuter et suivre les programmes   d\u2019\u00e9ducation et d\u2019information des diff\u00e9rentes couches de la population relatifs   aux droits des enfants et veiller \u00e0 leur respect\u00a0; \u00e9tudier les dossiers de cr\u00e9ation et suivre le   fonctionnement des institutions sp\u00e9cialis\u00e9es d\u2019accueil et de placement familial   d\u2019enfants\u00a0; entreprendre des recherches \u2013action en vue d\u2019une   meilleure insertion \u00e9conomique, sociale et culturelle des enfants par la prise   en charge de leurs besoins sp\u00e9cifiques\u00a0; r\u00e9aliser et\u00a0: ou faire faire r\u00e9aliser des enqu\u00eates et   des \u00e9tude sur les besoins sp\u00e9cifiques des enfants\u00a0; \u00a0collecter et   traiter des donn\u00e9es sur les enfants\u00a0; Suivre et \u00e9valuer les actions de promotion des   enfants initi\u00e9es par les Associations et les Organisations Non Gouvernementales   (ONG). Elle comprend deux   sections\u00a0:1.\u00a0   la Section l\u00e9gislation\u00a0;2.\u00a0   la Section   D\u00e9veloppement des   Institutions.       <strong>2. La Division   Promotion de la Famille<\/strong>La Division   Promotion Famille est   charg\u00e9e de\u00a0:diffuser la l\u00e9gislation relative \u00e0 la protection de   la   Famille\u00a0; coordonner et suivre les actions d\u2019information et de   sensibilisation des familles\u00a0; suivre la mise en \u0153uvre de la politique nationale de   promotion de la famille\u00a0; concevoir, r\u00e9alise et\u00a0\/ ou suivre toutes les enqu\u00eates   ou \u00e9tudes sp\u00e9cifiques et mesures relatives au statut de la   famille\u00a0; collecter et traiter les donn\u00e9es sur la   famille\u00a0; \u00e9valuer les programmes sectoriels et les actions des   \u00a0 ONG et Associations en faveur de   la   Famille.Elle comprend deux   Sections\u00a0:la   Section Statuts Social   et Juridique de la   Famille\u00a0; la   Section Etudes et   Programmes<strong>3. Aux niveaux regional et sub &#8211;   regional<\/strong>        au niveau de la r\u00e9gion et   du District de Bamako la   DNPEF est repr\u00e9sent\u00e9e par la Direction R\u00e9gionale de   la Promotion   de la Femme de   l\u2019Enfant et de la   Famille (DRPFEF) au niveau subr\u00e9gional, par   un(e) charg\u00e9(e) des programmes de Promotion de la Femme de l\u2019Enfant et de la Famille.realisations:<strong>Celebration  du 16 Juin Journee de l\u2019Enfant Africain<\/strong> <br><strong><em>Theme Africain\u00a0: \u00ab\u00a025  ans apres l\u2019adoption de la Charte Africaine des Droits et du Bien-etre de  l\u2019Enfant\u00a0: accelerons les efforts collectifs\u00a0 pour mettre fin aux mariages des enfants en  Afrique.\u00bbTheme  National\u00a0: \u00ab\u00a0Ensemble pour des  mesures\u00a0 urgentes pour mettre fin au  mariage precoce\u00bb<\/em><\/strong> <br>La Journ\u00e9e de l\u2019Enfant Africain  est un \u00e9v\u00e9nement annuel qui comm\u00e9more le massacre des enfants de Soweto, en  1976 par le r\u00e9gime de l\u2019apartheid. La 26\u00e8me Session des Chefs d\u2019Etat  et de Gouvernement de l\u2019Organisation de l\u2019Unit\u00e9 Africaine, tenue\u00a0 \u00e0 Addis Ab\u00e9ba en juillet 1990 a d\u00e9cid\u00e9 de  consacrer cette journ\u00e9e aux enfants, pour attirer l\u2019attention du monde entier  sur les crimes commis et l\u2019engager dans le cadre de la recherche\u00a0 d\u2019une justice sociale, gage d\u2019un  d\u00e9veloppement \u00e9quilibr\u00e9. Depuis 1991,\u00a0  l\u2019\u00e9v\u00e9nement est c\u00e9l\u00e9br\u00e9 au Mali. <br>          C\u2019est dans cette  optique que la journ\u00e9e a \u00e9t\u00e9 Organis\u00e9e le  vendredi 30 juin 2015 par la Direction Nationale de la Promotion de l\u2019Enfant et  de la Famille avec l\u2019appui technique et financier des Partenaires Techniques et  Financiers intervenant dans le domaine de la promotion et la protection des  droits de l\u2019enfant, tels que l\u2019UNICEF, MUNISMA,  BORNE Fonden, Save the Children, World Vision, Samu social, ECPAT, Terre des  Hommes\u00a0 etc. <br>          Le th\u00e8me de la pr\u00e9sente  \u00e9dition est: \u00a0<strong> \u00ab\u00a0<em>Ensemble pour des mesures\u00a0 urgentes pour mettre fin au mariage pr\u00e9coce\u00bb.<\/em><\/strong> <br>La c\u00e9r\u00e9monie officielle\u00e9taitpr\u00e9sid\u00e9e par son excellence <strong>Ibrahim Boubacar KEITA<\/strong>, pr\u00e9sident de la  R\u00e9publique en pr\u00e9sence de plusieurs membres du Gouvernement, le Repr\u00e9sentant\u00a0 R\u00e9sident de l\u2019Unicef au mali, Le Pr\u00e9sident de  la Coalition Malienne des Droits de l\u2019Enfant(COMADE), les ambassadeurs et\u00a0 Chefs de missions diplomatiques et  consulaires accr\u00e9dit\u00e9s dans notre pays, des enfants et de nombreux invit\u00e9s. <br>          Cette c\u00e9l\u00e9bration de la 25\u00e8me  \u00e9dition\u00a0 de la journ\u00e9e de l\u2019enfant  africain, s\u2019inscrit dans le cadre de contribuer au renforcement de la  mobilisation sociale en faveur de la protection des enfants contre le mariage  pr\u00e9coce.<br>          La journ\u00e9e de l\u2019Enfant Africain  constitue, \u00e0 cet effet, une opportunit\u00e9 pour murir les r\u00e9flexions sur les  strat\u00e9gies de l\u2019abandon\u00a0 des mariages  d\u2019enfants particuli\u00e8rement celui des filles\u00a0  dans le respect\u00a0 des engagements  pris par l\u2019Etat malien. <br>          Cette tribune \u00a0a\u00a0 aussi  servi de cadre \u00a0pour le d\u00e9partement \u00e0  travers son \u00a0Secr\u00e9taire G\u00e9n\u00e9ral\u00a0 de pr\u00e9senter un plaidoyer en faveur de  l\u2019enregistrement \u00e0 la naissance des enfants n\u00e9s pendant la crise dans les  r\u00e9gions du nord et une partie de la r\u00e9gion de Mopti. <br>          Des  interventions, des po\u00e8mes, un sketch sur le mariage pr\u00e9coce et des prestations  d\u2019artistes ont agr\u00e9ment\u00e9s cette journ\u00e9e phare.\u00a0 <br>          Une\u00a0 photo de famille du pr\u00e9sident de la r\u00e9publique  \u00a0avec les enfants parlementaires\u00a0 a \u00a0mis  fin \u00e0 la c\u00e9r\u00e9monie. <strong>Atelier  national de validation du \u2018\u2019Guide du Mali sur les Standards minimums pour la  protection de l\u2019enfance dans l\u2019intervention humanitaire\u2019\u2019 et les \u2018\u2019Plans  d\u2019action regionaux pour la prevention et la reponse en matiere de protection de  l\u2019enfance.<\/strong> <br>          Du 07 au 09 novembre 2015 s\u2019est tenu  dans la salle de conf\u00e9rence du Centre Aoua KEITA,\u00a0 l\u2019atelier national de validation du  \u2018\u2019Guide du Mali sur les Standards minimums pour la protection de l\u2019enfance dans  l\u2019intervention humanitaire\u2019\u2019 et les \u2018\u2019Plans d\u2019action r\u00e9gionaux pour la  pr\u00e9vention et la r\u00e9ponse en mati\u00e8re de protection de l\u2019enfance. Cet atelier a  \u00e9t\u00e9 Organis\u00e9 par la Direction Nationale de la Promotion de l\u2019Enfant avec la  collaboration du point focal sous cluster protection de l\u2019enfant avec l\u2019appui  technique et financier de l\u2019UNICEF et le Sous cluster protection de l\u2019enfance. <br>          Les  participants \u00e0 cet atelier de validation au nombre d\u2019une quarantaine de  personnes sont venus de toutes les r\u00e9gions du Mali et du niveau central. Chaque  r\u00e9gion a \u00e9t\u00e9 repr\u00e9sent\u00e9e par deux (2) personnes dont une (1) de la DRPFEF et  une (1) d\u2019une ONG de protection de l\u2019enfance.<br>          Des  pr\u00e9sentations ont \u00e9t\u00e9 faites sur les principaux documents: Les Standards minimums pour la protection de  l\u2019enfance (SMPE) au niveau global\u00a0; Le document contextualis\u00e9 des SMPE (Guide du  Mali)\u00a0;Le plan d\u2019int\u00e9gration de la protection de l\u2019enfance  dans les secteurs de l\u2019\u00e9ducation, la s\u00e9curit\u00e9 alimentaire, la nutrition, l\u2019eau  l\u2019hygi\u00e8ne et l\u2019assainissement\u00a0; les Plans d\u2019action des  r\u00e9gions de Gao, Tombouctou, Mopti, S\u00e9gou et du District de Bamako pour la  pr\u00e9vention et la r\u00e9ponse en mati\u00e8re de protection de l\u2019enfance. Ces pr\u00e9sentations ont \u00e9t\u00e9 suivies de travaux de  groupes\u00a0 et de pl\u00e9ni\u00e8res.Les travaux ont dur\u00e9 trois jours dont les deux  premiers ont \u00e9t\u00e9 consacr\u00e9e aux SMPE\u00a0; le troisi\u00e8me et dernier jour aux  documents de Plans d\u2019action de protection des r\u00e9gions. <strong>Les objectifs de l\u2019atelier:<\/strong>Finaliser le processus de contextualisation des  SMPE pour le Mali;Pr\u00e9senter et valider le document des SMPE  contextualis\u00e9s du Mali\u00a0(\u2018\u2019Guide du Mali\u2019\u2019); Valider le plan d\u2019int\u00e9gration de la protection de  l\u2019enfance dans d\u2019autres secteurs de l\u2019Action humanitaire\u00a0; Partager, consolider\u00a0 et valider avec les participants les plans  d\u2019action des r\u00e9gions pour la protection de l\u2019enfance.Contribuer  \u00e0 la mat\u00e9rialisation des orientations strat\u00e9giques de la  Politique\u00a0Nationale de Promotion et de Protection de l\u2019Enfant (PNPPE) et  de son plan d\u2019action au niveau des r\u00e9gions. Au terme des travaux, les r\u00e9sultats suivants sont  \u00e9t\u00e9\u00a0obtenus: Le Guide du Mali sur les SMPE (document  contextualis\u00e9)\u00a0 a \u00e9t\u00e9 valid\u00e9; Le plan d\u2019int\u00e9gration de la protection de l\u2019enfance  dans les secteurs de l\u2019\u00e9ducation, la s\u00e9curit\u00e9 alimentaire, la nutrition, l\u2019eau  l\u2019hygi\u00e8ne et l\u2019assainissement a \u00e9t\u00e9 pr\u00e9sent\u00e9 et valid\u00e9; Les Plans d\u2019action r\u00e9gionaux pour la pr\u00e9vention et  la r\u00e9ponse en mati\u00e8re de protection de l\u2019enfance ont \u00e9t\u00e9 pr\u00e9sent\u00e9s et valid\u00e9s.\u00a0<a href=\"file:\/\/\/C:\/Site_web\/archi_dnpef.html\">archives dnpef <\/a>Contact:cit\u00e9 des enfantsT\u00e9l:220 56 56\/220 53 03Bp: 2688 BamakoEmail:directionenfant@yahoo.fr <\/td><\/tr><\/tbody><\/table>\n","protected":false},"excerpt":{"rendered":"<\/p>\n<div class=\"wp-block-image\"><\/div>\n<p>PRESENTATION<br \/>I. CREATION\u00a0: La Direction   Nationale de   la Promotion   de l\u2019Enfant et de la   Famille est un service central du Minist\u00e8re de la Promotion de la Femme de l\u2019Enfant et   de la Famille,   cr\u00e9\u00e9 par l\u2019ordonnance N\u00b0 99- 010\u00a0\/P-RM\u00a0   DU 01 AVR. 1999 et ratifi\u00e9e par la  LOI N\u00b0 99-019  DU 11 JUIN 1999 .LOI N\u00b0 99-019 DU 11 JUIN 1999  PORTANT RATIFICATION <br \/>DE L\u2019ORDONNANCE N\u00b0 99-010\/P-RM  DU 01 AVRIL 1999 PORTANT CREATION DE LE DIRECTION NATIONALE DE LA PROMOTION DE L\u2019ENFANT  ET DE LA FAMILLEL\u2019Assembl\u00e9e  Nationale a d\u00e9lib\u00e9r\u00e9 et adopt\u00e9 en sa s\u00e9ance du 14 mai 1999.Le Pr\u00e9sident de la R\u00e9publique promulgue la  loi dont le teneur suit\u00a0:Article unique\u00a0: Est ratifi\u00e9e l\u2019Ordonnance n\u00b0  99-010\/P-RM du 01 avril 1999 portant cr\u00e9ation de la Direction Nationale  de la Promotion  de l\u2019Enfante et de la   Famille.<\/p>\n","protected":false},"author":4,"featured_media":0,"parent":0,"menu_order":0,"comment_status":"closed","ping_status":"closed","template":"","meta":{"_monsterinsights_skip_tracking":false,"_monsterinsights_sitenote_active":false,"_monsterinsights_sitenote_note":"","_monsterinsights_sitenote_category":0,"footnotes":""},"class_list":["post-10360","page","type-page","status-publish","hentry"],"aioseo_notices":[],"_links":{"self":[{"href":"http:\/\/mpfef.gouv.ml\/index.php\/wp-json\/wp\/v2\/pages\/10360","targetHints":{"allow":["GET"]}}],"collection":[{"href":"http:\/\/mpfef.gouv.ml\/index.php\/wp-json\/wp\/v2\/pages"}],"about":[{"href":"http:\/\/mpfef.gouv.ml\/index.php\/wp-json\/wp\/v2\/types\/page"}],"author":[{"embeddable":true,"href":"http:\/\/mpfef.gouv.ml\/index.php\/wp-json\/wp\/v2\/users\/4"}],"replies":[{"embeddable":true,"href":"http:\/\/mpfef.gouv.ml\/index.php\/wp-json\/wp\/v2\/comments?post=10360"}],"version-history":[{"count":1,"href":"http:\/\/mpfef.gouv.ml\/index.php\/wp-json\/wp\/v2\/pages\/10360\/revisions"}],"predecessor-version":[{"id":10362,"href":"http:\/\/mpfef.gouv.ml\/index.php\/wp-json\/wp\/v2\/pages\/10360\/revisions\/10362"}],"wp:attachment":[{"href":"http:\/\/mpfef.gouv.ml\/index.php\/wp-json\/wp\/v2\/media?parent=10360"}],"curies":[{"name":"wp","href":"https:\/\/api.w.org\/{rel}","templated":true}]}}