{"id":10388,"date":"2019-01-15T23:39:36","date_gmt":"2019-01-15T22:39:36","guid":{"rendered":"http:\/\/mpfef.gouv.ml\/?page_id=10388"},"modified":"2019-01-16T17:49:11","modified_gmt":"2019-01-16T16:49:11","slug":"la-cite-des-enfants","status":"publish","type":"page","link":"http:\/\/mpfef.gouv.ml\/index.php\/la-cite-des-enfants\/","title":{"rendered":"LA CITE DES ENFANTS"},"content":{"rendered":"\n<h1 class=\"wp-block-heading\"><strong>LA CITE DES ENFANTS <\/strong><\/h1>\n\n\n\n<div class=\"wp-block-image\"><figure class=\"aligncenter\"><img loading=\"lazy\" decoding=\"async\" width=\"201\" height=\"182\" src=\"http:\/\/mpfef.gouv.ml\/wp-content\/uploads\/2019\/01\/photo_cite1.jpg\" alt=\"\" class=\"wp-image-10389\"\/><\/figure><\/div>\n\n\n\n<h2 class=\"wp-block-heading\"><strong>Presentation et Creation<\/strong>:<\/h2>\n\n\n\n<p><strong>LOI n\u00b0 00-012 DU 30\nMAI 2000 PORTANT RATIFICATION&nbsp; DE L\u2019ORDONNANCE n\u00b0 99-035\/P-RM DU 15\nSEPTEMBRE 1999 PORTANT CREATION DE LA CITE DES ENFANTS<\/strong><\/p>\n\n\n\n<p><strong>L\u2019Assembl\u00e9e Nationale\na d\u00e9lib\u00e9r\u00e9 et adopt\u00e9 en sa s\u00e9ance du 12 mai 2000.<\/strong><\/p>\n\n\n\n<p><strong>Le Pr\u00e9sident de la\nR\u00e9publique promulgue la loi dont la teneur suit&nbsp;:<\/strong><\/p>\n\n\n\n<p><strong>Article Unique&nbsp;: <\/strong>Est\nratifi\u00e9e l\u2019Ordonnance n\u00b0 99-035\/P-RM du 15 septembre 1999 portant cr\u00e9ation de\nla Cit\u00e9 des Enfants.<\/p>\n\n\n\n<p><strong>Bamako, le 30 mai 2000<\/strong><\/p>\n\n\n\n<p><strong>Le Pr\u00e9sident de la\nR\u00e9publique<\/strong><br>\n<strong>Alpha Oumar KONARE<\/strong><\/p>\n\n\n\n<p><strong>DECRET n\u00b0 05-019\/P-RM\nDU 17 JANVIER 2005 PORTANT MODIFICATION DU DECRET n\u00b0 99-341\/P-RM DU 02 NOVEMBRE\n1999 FIXANT L\u2019ORGANISATION ET LES MODALITES DE FONCTIONNEMENT DE LA CITE DES\nENFANTS<\/strong><\/p>\n\n\n\n<p><strong>LE PRESIDENT DE LA\nREPUBLIQUE <\/strong><\/p>\n\n\n\n<p><em><strong>Vu&nbsp;&nbsp;&nbsp;&nbsp;&nbsp;&nbsp;\nla Constitution&nbsp;;<\/strong><\/em><strong><br>\n<em>Vu&nbsp;&nbsp;&nbsp;&nbsp;&nbsp;&nbsp;\nla Loi N\u00b094-009 du 22 mars 1994 portant principes fondamentaux de la cr\u00e9ation,\nde l\u2019organisation, de la gestion et du contr\u00f4le des services publics, modifi\u00e9\npar la Loi N\u00b002-048 du 22 juillet 2002&nbsp;;<\/em><br>\n<em>Vu\n&nbsp;&nbsp;&nbsp;&nbsp;&nbsp; la Loi N\u00b096-015 du 13 f\u00e9vrier 1996 portant\nstatut g\u00e9n\u00e9ral des Etablissements Publics \u00e0 Caract\u00e8re Scientifique,\nTechnologique ou Culturel&nbsp;;<\/em><br>\n<em>Vu&nbsp;&nbsp;&nbsp;&nbsp;&nbsp;&nbsp;\nl\u2019Ordonnance N\u00b099-035\/P-RM du 15 Septembre 1999 portant cr\u00e9ation de la Cit\u00e9 des\nEnfants, ratifi\u00e9e par la Loi N\u00b0012 du 02 juin 2000&nbsp;;<\/em><br>\n<em>Vu\n&nbsp;&nbsp;&nbsp;&nbsp;&nbsp; le D\u00e9cret N\u00b099-341\/P-RM du 02 novembre 1999\nfixant l\u2019organisation et les modalit\u00e9s de fonctionnement de la Cit\u00e9 des\nEnfants&nbsp;;<\/em><br>\n<em>Vu\n&nbsp;&nbsp;&nbsp;&nbsp;&nbsp; le D\u00e9cret N\u00b0204\/PG-RM du 21 ao\u00fbt 1985\nd\u00e9terminant les modalit\u00e9s de gestion et de contr\u00f4le des structures des services\npublics&nbsp;;<\/em><br>\n<em>Vu\n&nbsp;&nbsp;&nbsp;&nbsp;&nbsp; le D\u00e9cret N\u00b004-140\/P-RM du 29 avril 2004 portant\nnomination du Premier Ministre&nbsp;;<\/em><br>\n<em>Vu\n&nbsp;&nbsp;&nbsp;&nbsp;&nbsp; le D\u00e9cret N\u00b004-141\/P-RM du 2 mai 2004 portant\nnomination des membres du Gouvernement&nbsp;;<\/em><br>\nSTATUANT EN CONSEIL DES\nMINISTRES<\/strong><\/p>\n\n\n\n<p><em><strong>Vu&nbsp;&nbsp;&nbsp;&nbsp;&nbsp;&nbsp;\nla Constitution&nbsp;;<\/strong><\/em><strong><br>\n<em>Vu&nbsp;&nbsp;&nbsp;&nbsp;&nbsp;&nbsp;\nla Loi N\u00b094-009 du 22 mars 1994 portant principes fondamentaux de la cr\u00e9ation,\nde l\u2019organisation, de la gestion et du contr\u00f4le des services publics, modifi\u00e9\npar la Loi N\u00b002-048 du 22 juillet 2002&nbsp;;<\/em><br>\n<em>Vu\n&nbsp;&nbsp;&nbsp;&nbsp;&nbsp; la Loi N\u00b096-015 du 13 f\u00e9vrier 1996 portant\nstatut g\u00e9n\u00e9ral des Etablissements Publics \u00e0 Caract\u00e8re Scientifique,\nTechnologique ou Culturel&nbsp;;<\/em><br>\n<em>Vu&nbsp;&nbsp;&nbsp;&nbsp;&nbsp;&nbsp;\nl\u2019Ordonnance N\u00b099-035\/P-RM du 15 Septembre 1999 portant cr\u00e9ation de la Cit\u00e9 des\nEnfants, ratifi\u00e9e par la Loi N\u00b0012 du 02 juin 2000&nbsp;;<\/em><br>\n<em>Vu\n&nbsp;&nbsp;&nbsp;&nbsp;&nbsp; le D\u00e9cret N\u00b099-341\/P-RM du 02 novembre 1999\nfixant l\u2019organisation et les modalit\u00e9s de fonctionnement de la Cit\u00e9 des\nEnfants&nbsp;;<\/em><br>\n<em>Vu\n&nbsp;&nbsp;&nbsp;&nbsp;&nbsp; le D\u00e9cret N\u00b0204\/PG-RM du 21 ao\u00fbt 1985 d\u00e9terminant\nles modalit\u00e9s de gestion et de contr\u00f4le des structures des services\npublics&nbsp;;<\/em><br>\n<em>Vu\n&nbsp;&nbsp;&nbsp;&nbsp;&nbsp; le D\u00e9cret N\u00b004-140\/P-RM du 29 avril 2004 portant\nnomination du Premier Ministre&nbsp;;<\/em><br>\n<em>Vu\n&nbsp;&nbsp;&nbsp;&nbsp;&nbsp; le D\u00e9cret N\u00b004-141\/P-RM du 2 mai 2004 portant\nnomination des membres du Gouvernement&nbsp;;<\/em><\/strong><\/p>\n\n\n\n<p><strong>STATUANT EN CONSEIL\nDES MINISTRES<\/strong><\/p>\n\n\n\n<p><strong>DECRETE&nbsp;:<\/strong><strong><br>\nArticle 1er :\nL\u2019article 5 du D\u00e9cret N\u00b099-341\/P-RM du 02 novembre 1999 susvis\u00e9 est modifi\u00e9\nainsi qu\u2019il suit&nbsp;:<br>\nAu 7\u00e8me tiret, le membre de phrase&nbsp;: \u00ab&nbsp;un repr\u00e9sentant du Ministre\nCharg\u00e9 de la Recherche Scientifique&nbsp;\u00bb est remplac\u00e9\npar&nbsp;:&nbsp;\u00ab&nbsp;un repr\u00e9sentant du Ministre Charg\u00e9 du D\u00e9veloppement\nSocial&nbsp;\u00bb.<br>\nArticle 2&nbsp;:\nLe Ministre de la Promotion de la Femme, de l\u2019Enfant et de la Famille et le\nMinistre du D\u00e9veloppement Social, de la Solidarit\u00e9 et des personnes \u00e2g\u00e9es sont\ncharg\u00e9s, chacun en ce qui le concerne, de l\u2019ex\u00e9cution du pr\u00e9sent d\u00e9cret qui\nsera enregistr\u00e9 et publi\u00e9 au Journal officiel.<\/strong><\/p>\n\n\n\n<p><strong>Bamako, le 17 janvier\n2005<\/strong><\/p>\n\n\n\n<p><strong>Le Pr\u00e9sident de la\nR\u00e9publique,<\/strong><strong><br>\nAmadou Toumani TOURE<\/strong><\/p>\n\n\n\n<p><strong>Le Premier ministre,<\/strong><strong><br>\nOusmane Issoufi MAIGA<\/strong><\/p>\n\n\n\n<p><strong>Le Ministre de la\nPromotion de la <\/strong><strong><br>\nFemme, de l\u2019Enfant et de\nla Famille<br>\nMadame BERTHE A\u00efssata\nBENGALY<\/strong><\/p>\n\n\n\n<p><strong>Le Ministre du\nD\u00e9veloppement Social, <\/strong><strong><br>\nde la Solidarit\u00e9 et des\nPersonnes Ag\u00e9es,<br>\nDjibril TANGARA<\/strong><\/p>\n\n\n\n<p><strong>Salle de d\u00e9lib\u00e9ration<\/strong><\/p>\n\n\n\n<div class=\"wp-block-image\"><figure class=\"aligncenter\"><img loading=\"lazy\" decoding=\"async\" width=\"200\" height=\"182\" src=\"http:\/\/mpfef.gouv.ml\/wp-content\/uploads\/2019\/01\/photo_cite2.jpg\" alt=\"\" class=\"wp-image-10390\"\/><\/figure><\/div>\n\n\n\n<h3 class=\"wp-block-heading\"><strong>Missions<\/strong>:<\/h3>\n\n\n\n<p><strong>La Cit\u00e9 des Enfants a pour missions de :<br>\n&#8211; offrir un espace de loisirs aux enfants ;<br>\n&#8211; initier les enfants \u00e0 la science, la technique et la technologie;<br>\n&#8211; cr\u00e9er des conditions propices\u00e0 l&rsquo;\u00e9panouissement culturel<em>, <\/em>physique et intellectuel\ndes enfants ;<br>\n&#8211; contribuer \u00e0 l&rsquo;\u00e9ducation morale et civique des enfants ;<br>\nparticiper \u00e0 l&rsquo;initiation artistique des enfants et \u00e9veiller leur int\u00e9r\u00eat pour\nla &#8211; recherche et la cr\u00e9ativit\u00e9.<br>\n<em>A cet effet, elle est charg\u00e9e\nde :<\/em><br>\n&#8211; appuyer la formation des ressources humaines \u00e0 l&rsquo;\u00e9tude des probl\u00e8mes li\u00e9s \u00e0\nl&rsquo;\u00e9ducation des enfants ;<br>\n&#8211; promouvoir la coop\u00e9ration nationale et internationale dans le cadre des\nprogrammes et des accords d&rsquo;assistance mutuelle.<\/strong><\/p>\n\n\n\n<h3 class=\"wp-block-heading\"><strong>Organes de Gestion<\/strong>:<\/h3>\n\n\n\n<p><strong>Le d\u00e9cret N\u00b0 341 du 02 Novembre 1999 fixe l&rsquo;organisation et les modalit\u00e9s\nde fonctionnement.<\/strong><\/p>\n\n\n\n<p><strong>Les organes d&rsquo;administration et de gestion de la Cit\u00e9 des Enfants sont :<\/strong><\/p>\n\n\n\n<p><strong>&#8211; le Conseil d&rsquo;Administration compos\u00e9 de 13 membres, pr\u00e9sid\u00e9 par le chef\ndu d\u00e9partement;<br>\n&#8211; la Direction G\u00e9n\u00e9rale ;<\/strong><\/p>\n\n\n\n<p><strong>&#8211; le Comit\u00e9 Culturel et P\u00e9dagogique <\/strong><\/p>\n\n\n\n<h3 class=\"wp-block-heading\"><strong>Composition:<\/strong><\/h3>\n\n\n\n<p><strong>La Cit\u00e9 des Enfants comprend quatre grandes entit\u00e9s: le Parc\nd&rsquo;attraction, le Quartier des Enfants, le Parlement des Enfants et\nl&rsquo;Administration.<\/strong><\/p>\n\n\n\n<h3 class=\"wp-block-heading\"><strong>Le Parc d&rsquo;Attraction\n:<\/strong> <\/h3>\n\n\n\n<p><strong>Constitu\u00e9 par :<\/strong><\/p>\n\n\n\n<p><strong>&#8211; Un espace M\u00e9diath\u00e8que, Club des jeux avec une salle des contes et\nl\u00e9gendes, une salle des livres, une salle vid\u00e9o et audio, une salle\ninformatique et Internet<\/strong><\/p>\n\n\n\n<p><strong>&#8211; Un Espace de man\u00e8ges <\/strong><\/p>\n\n\n\n<p><strong>&#8211; Un Parc aquatique ;<\/strong><\/p>\n\n\n\n<p><strong>&#8211; Un Labyrinthe de la connaissance <\/strong><\/p>\n\n\n\n<h3 class=\"wp-block-heading\"><strong>Le Parlement des\nEnfants<\/strong>:<\/h3>\n\n\n\n<h3 class=\"wp-block-heading\"><strong>Le Quartier des\nEnfants:<\/strong><\/h3>\n\n\n\n<p><strong>constitu\u00e9 par :<\/strong><\/p>\n\n\n\n<p><strong>&#8211; La Maison de la musique ;<br>\n&#8211; Le Mus\u00e9e des jouets ;<br>\n&#8211; L&rsquo;Espace D\u00e9couvertes Scientifiques exposant les grandes d\u00e9couvertes et\ninventions de I &lsquo;homme<br>\n&#8211; Le Centre d&rsquo;apprentissage des techniques utiles pour la r\u00e9alisation de petits\ntravaux d&rsquo;\u00e9lectricit\u00e9, de m\u00e9canique, d&rsquo;\u00e9lectronique, de chimie \u00e9l\u00e9mentaire,\netc.<br>\n&#8211; Le Grand Jardin comprenant le jardin des totems, la voli\u00e8re montrant les\ndiff\u00e9rentes sortes d&rsquo;oiseaux, le monde animal avec les principaux animaux domestiques\net sauvages, le potager pr\u00e9sentant les principaux l\u00e9gumes, le petit bois avec\ndiff\u00e9rentes esp\u00e8ces v\u00e9g\u00e9tales ;<br>\n&#8211; La piste d&rsquo;aventure p\u00e9destre;<br>\n&#8211; Le plateau des sports avec un terrain de basket-ball, de volley-ball, de\nhand-ball et de mini\u00adfoot gazonn\u00e9 ;<br>\n&#8211; Le Mur des d\u00e9couvertes couvert de fresques ;<br>\n&#8211; L&rsquo;Infirmerie<br>\n-Le Centre de S\u00e9jour compos\u00e9 d\u2019un dortoir de 100 lits et d\u2019un&nbsp; r\u00e9fectoire\nde 100 couverts<\/strong><\/p>\n\n\n\n<h3 class=\"wp-block-heading\"><strong>L\u2019Administration<\/strong><\/h3>\n\n\n\n<h3 class=\"wp-block-heading\"><strong>Infrastructures d\u00e9j\u00e0\nrealisees<\/strong><\/h3>\n\n\n\n<h3 class=\"wp-block-heading\">Publications<\/h3>\n\n\n\n<h4 class=\"wp-block-heading\"><strong>La Direction<\/strong>:<\/h4>\n\n\n\n<div class=\"wp-block-image\"><figure class=\"aligncenter\"><img loading=\"lazy\" decoding=\"async\" width=\"200\" height=\"182\" src=\"http:\/\/mpfef.gouv.ml\/wp-content\/uploads\/2019\/01\/photo_cite3.jpg\" alt=\"\" class=\"wp-image-10391\"\/><\/figure><\/div>\n\n\n\n<h4 class=\"wp-block-heading\"><strong>L\u2019infirmerie<\/strong>:<\/h4>\n\n\n\n<div class=\"wp-block-image\"><figure class=\"aligncenter\"><img loading=\"lazy\" decoding=\"async\" width=\"200\" height=\"182\" src=\"http:\/\/mpfef.gouv.ml\/wp-content\/uploads\/2019\/01\/phot_cite4.jpg\" alt=\"\" class=\"wp-image-10393\"\/><\/figure><\/div>\n\n\n\n<h4 class=\"wp-block-heading\">Le dortoir et le r\u00e9fectoire:<\/h4>\n\n\n\n<div class=\"wp-block-image\"><figure class=\"aligncenter\"><img loading=\"lazy\" decoding=\"async\" width=\"200\" height=\"182\" src=\"http:\/\/mpfef.gouv.ml\/wp-content\/uploads\/2019\/01\/photo_cite5.jpg\" alt=\"\" class=\"wp-image-10394\"\/><\/figure><\/div>\n\n\n\n<h4 class=\"wp-block-heading\"><strong>Le cyber<\/strong>:<\/h4>\n\n\n\n<div class=\"wp-block-image\"><figure class=\"aligncenter\"><img loading=\"lazy\" decoding=\"async\" width=\"201\" height=\"182\" src=\"http:\/\/mpfef.gouv.ml\/wp-content\/uploads\/2019\/01\/photo_cite6.jpg\" alt=\"\" class=\"wp-image-10395\"\/><\/figure><\/div>\n\n\n\n<h4 class=\"wp-block-heading\"><strong>La Biblioth\u00e8que<\/strong>:<\/h4>\n\n\n\n<div class=\"wp-block-image\"><figure class=\"aligncenter\"><img loading=\"lazy\" decoding=\"async\" width=\"201\" height=\"182\" src=\"http:\/\/mpfef.gouv.ml\/wp-content\/uploads\/2019\/01\/photo_cite7.jpg\" alt=\"\" class=\"wp-image-10396\"\/><\/figure><\/div>\n\n\n\n<h4 class=\"wp-block-heading\"><strong>Le parlement des\nEnfants<\/strong>:<\/h4>\n\n\n\n<div class=\"wp-block-image\"><figure class=\"aligncenter\"><img loading=\"lazy\" decoding=\"async\" width=\"200\" height=\"182\" src=\"http:\/\/mpfef.gouv.ml\/wp-content\/uploads\/2019\/01\/photo_cite8.jpg\" alt=\"\" class=\"wp-image-10397\"\/><\/figure><\/div>\n\n\n\n<p style=\"text-align:center\"><strong><em>CITE DES ENFANTS<\/em><\/strong><\/p>\n\n\n\n<p style=\"text-align:center\"><strong>Sogoniko, route de Niamakoro<br>\nBP : E 5250<br>\nT\u00e9l.: (223) 220 40 11<br>\nFax : (223) 220 40 10<br>\nEmail : <a href=\"mailto:citeenfants@gmail.com\">citeenfants@gmail.com<\/a><\/strong><\/p>\n","protected":false},"excerpt":{"rendered":"<h1 class=\"wp-block-heading\">LA CITE DES ENFANTS <\/h1>\n<div class=\"wp-block-image\"><\/div>\n<h2 class=\"wp-block-heading\">Presentation et Creation:<\/h2>\n<p>LOI n\u00b0 00-012 DU 30<br \/>\nMAI 2000 PORTANT RATIFICATION&nbsp; DE L\u2019ORDONNANCE n\u00b0 99-035\/P-RM DU 15<br \/>\nSEPTEMBRE 1999 PORTANT CREATION DE LA CITE DES ENFANTS<\/p>\n<p>L\u2019Assembl\u00e9e Nationale<br \/>\na d\u00e9lib\u00e9r\u00e9 et adopt\u00e9 en sa s\u00e9ance du 12 mai 2000.<\/p>\n<p>Le Pr\u00e9sident de la<br \/>\nR\u00e9publique promulgue la loi dont la teneur suit&nbsp;:<\/p>\n<p>Article Unique&nbsp;: Est<br \/>\nratifi\u00e9e l\u2019Ordonnance n\u00b0 99-035\/P-RM du 15 septembre 1999 portant cr\u00e9ation de<br \/>\nla Cit\u00e9 des Enfants.<\/p>\n","protected":false},"author":4,"featured_media":0,"parent":0,"menu_order":0,"comment_status":"closed","ping_status":"closed","template":"","meta":{"_monsterinsights_skip_tracking":false,"_monsterinsights_sitenote_active":false,"_monsterinsights_sitenote_note":"","_monsterinsights_sitenote_category":0,"footnotes":""},"class_list":["post-10388","page","type-page","status-publish","hentry"],"aioseo_notices":[],"_links":{"self":[{"href":"http:\/\/mpfef.gouv.ml\/index.php\/wp-json\/wp\/v2\/pages\/10388","targetHints":{"allow":["GET"]}}],"collection":[{"href":"http:\/\/mpfef.gouv.ml\/index.php\/wp-json\/wp\/v2\/pages"}],"about":[{"href":"http:\/\/mpfef.gouv.ml\/index.php\/wp-json\/wp\/v2\/types\/page"}],"author":[{"embeddable":true,"href":"http:\/\/mpfef.gouv.ml\/index.php\/wp-json\/wp\/v2\/users\/4"}],"replies":[{"embeddable":true,"href":"http:\/\/mpfef.gouv.ml\/index.php\/wp-json\/wp\/v2\/comments?post=10388"}],"version-history":[{"count":1,"href":"http:\/\/mpfef.gouv.ml\/index.php\/wp-json\/wp\/v2\/pages\/10388\/revisions"}],"predecessor-version":[{"id":10398,"href":"http:\/\/mpfef.gouv.ml\/index.php\/wp-json\/wp\/v2\/pages\/10388\/revisions\/10398"}],"wp:attachment":[{"href":"http:\/\/mpfef.gouv.ml\/index.php\/wp-json\/wp\/v2\/media?parent=10388"}],"curies":[{"name":"wp","href":"https:\/\/api.w.org\/{rel}","templated":true}]}}