{"id":1847,"date":"2014-12-16T09:05:21","date_gmt":"2014-12-16T09:05:21","guid":{"rendered":"https:\/\/brainstormforce.com\/demos\/imedica\/?page_id=1847"},"modified":"2017-11-11T19:24:47","modified_gmt":"2017-11-11T18:24:47","slug":"ministre","status":"publish","type":"page","link":"http:\/\/mpfef.gouv.ml\/index.php\/ministre\/","title":{"rendered":"Ministre"},"content":{"rendered":"<p>[vc_row bg_type=\u00a0\u00bbno_bg\u00a0\u00bb css=\u00a0\u00bb.vc_custom_1418726910927{margin-top: -70px !important;margin-bottom: 0px !important;padding-top: 70px !important;padding-bottom: 70px !important;}\u00a0\u00bb][vc_column width=\u00a0\u00bb1\/2&Prime;]<div class=\"ult-animation  ult-animate-viewport  ult-no-mobile \" data-animate=\"fadeInLeft\" data-animation-delay=\"0.8\" data-animation-duration=\"0.5\" data-animation-iteration=\"1\" style=\"opacity:0;\" data-opacity_start_effect=\"\"><div id=\"ultimate-heading-883069e735f343e98\" class=\"uvc-heading ult-adjust-bottom-margin ultimate-heading-883069e735f343e98 uvc-1818 \" data-hspacer=\"no_spacer\"  data-halign=\"left\" style=\"text-align:left\"><div class=\"uvc-heading-spacer no_spacer\" style=\"top\"><\/div><div class=\"uvc-main-heading ult-responsive\"  data-ultimate-target='.uvc-heading.ultimate-heading-883069e735f343e98 h2'  data-responsive-json-new='{\"font-size\":\"desktop:37px;\",\"line-height\":\"\"}' ><h2 style=\"font-family:&#039;Open Sans&#039;;font-weight:300;color:#414042;margin-bottom:20px;\">MOT DE BIENVENUE DE LA MINISTRE<\/h2><\/div><div class=\"uvc-sub-heading ult-responsive\"  data-ultimate-target='.uvc-heading.ultimate-heading-883069e735f343e98 .uvc-sub-heading '  data-responsive-json-new='{\"font-size\":\"desktop:13px;\",\"line-height\":\"desktop:20px;\"}'  style=\"font-family:&#039;Open Sans&#039;;font-weight:normal;color:#8c99a9;margin-bottom:5px;\"><span style=\"font-size: 15px; color: #000000; display: block;\">Le Minist\u00e8re de la Promotion de la Femme, de la Famille et de l\u2019Enfant entend renforcer la communication avec tous les acteurs de la soci\u00e9t\u00e9 (d\u00e9cideurs, populations, leaders religieux et d\u2019opinions, etc.).<\/span><\/p>\n<p>Conscient du r\u00f4le important que l\u2019Internet joue dans ce m\u00e9canisme, mon d\u00e9partement entend\u00a0 donner plus d\u2019impulsion \u00e0 cet outil\u00a0 indispensable pour la r\u00e9ussite de nos missions.<\/div><\/div>[imedica_button button_size=\u00a0\u00bblarge\u00a0\u00bb btn_style=\u00a0\u00bboutline\u00a0\u00bb color=\u00a0\u00bb#ffffff\u00a0\u00bb outline_color_text_hover=\u00a0\u00bb#ffffff\u00a0\u00bb color_border=\u00a0\u00bb#107fc9&Prime; outline_color_bg=\u00a0\u00bb#107fc9&Prime; outline_color_bg_hover=\u00a0\u00bb#1097d1&Prime; border_size=\u00a0\u00bb1&Prime; icon_size=\u00a0\u00bb\u00a0\u00bb]Lire la suite[\/imedica_button]<\/div>[\/vc_column][vc_column width=\u00a0\u00bb1\/2&Prime;]<div class=\"ult-animation  ult-animate-viewport  ult-no-mobile \" data-animate=\"fadeInRight\" data-animation-delay=\"0.8\" data-animation-duration=\"0.5\" data-animation-iteration=\"1\" style=\"opacity:0;\" data-opacity_start_effect=\"\"><div class=\"ult-spacer spacer-69e735f343f0d\" data-id=\"69e735f343f0d\" data-height=\"40\" data-height-mobile=\"40\" data-height-tab=\"40\" data-height-tab-portrait=\"\" data-height-mobile-landscape=\"\" style=\"clear:both;display:block;\"><\/div>[imedica_image_gallery images=\u00a0\u00bb9894,9867,9866,9865,9901&Prime;]<\/div>[\/vc_column][\/vc_row][vc_row bg_type=\u00a0\u00bbimage\u00a0\u00bb parallax_style=\u00a0\u00bbvcpb-default\u00a0\u00bb bg_image_new=\u00a0\u00bbid^9860|url^http:\/\/mpfef.gouv.ml\/wp-content\/uploads\/2017\/08\/DSC03221.jpg|caption^null|alt^null|title^DSC03221|description^null\u00a0\u00bb bg_image_repeat=\u00a0\u00bbno-repeat\u00a0\u00bb bg_override=\u00a0\u00bbfull\u00a0\u00bb enable_overlay=\u00a0\u00bbenable_overlay_value\u00a0\u00bb overlay_color=\u00a0\u00bbrgba(255,255,255,0.27)\u00a0\u00bb overlay_pattern_opacity=\u00a0\u00bb80&Prime; css=\u00a0\u00bb.vc_custom_1510424503346{margin-bottom: 0px !important;padding-top: 70px !important;padding-bottom: 60px !important;}\u00a0\u00bb][vc_column]<div id=\"ultimate-heading-384269e735f343f27\" class=\"uvc-heading ult-adjust-bottom-margin ultimate-heading-384269e735f343f27 uvc-9378 \" data-hspacer=\"no_spacer\"  data-halign=\"center\" style=\"text-align:center\"><div class=\"uvc-heading-spacer no_spacer\" style=\"top\"><\/div><div class=\"uvc-main-heading ult-responsive\"  data-ultimate-target='.uvc-heading.ultimate-heading-384269e735f343f27 h2'  data-responsive-json-new='{\"font-size\":\"desktop:37px;\",\"line-height\":\"\"}' ><h2 style=\"font-family:&#039;Open Sans&#039;;font-weight:300;color:#000000;margin-bottom:15px;\">BIENVENUE<\/h2><\/div><div class=\"uvc-sub-heading ult-responsive\"  data-ultimate-target='.uvc-heading.ultimate-heading-384269e735f343f27 .uvc-sub-heading '  data-responsive-json-new='{\"font-size\":\"desktop:13px;\",\"line-height\":\"desktop:20px;\"}'  style=\"font-family:&#039;Open Sans&#039;;font-weight:600;color:#0a0a0a;\">Le renforcement du cadre juridique et institutionnel \u00e0 travers la ratification des conventions et l\u2019adoption de politiques et programmes de promotion de la femme et de l\u2019enfant participent \u00e0 la mise en \u0153uvre du Cadre Strat\u00e9gique pour la Croissance et La lutte contre la Pauvret\u00e9.<\/div><\/div><div class=\"ult-spacer spacer-69e735f343f47\" data-id=\"69e735f343f47\" data-height=\"90\" data-height-mobile=\"90\" data-height-tab=\"90\" data-height-tab-portrait=\"\" data-height-mobile-landscape=\"\" style=\"clear:both;display:block;\"><\/div>[vc_row_inner][vc_column_inner width=\u00a0\u00bb1\/4&Prime;][imedica_info_boxes title=\u00a0\u00bbBiogarphie\u00a0\u00bb title_font_size=\u00a0\u00bb22&Prime; desc_font_size=\u00a0\u00bb12&Prime; titlecolor=\u00a0\u00bb#107fc9&Prime; titlehovercolor=\u00a0\u00bb#107fc9&Prime; bgcolor=\u00a0\u00bb#ffffff\u00a0\u00bb back_hover_color=\u00a0\u00bb#ffffff\u00a0\u00bb style=\u00a0\u00bbStyle2&Prime; icon=\u00a0\u00bbDefaults-heart\u00a0\u00bb icon_size=\u00a0\u00bb24&Prime; icon_color=\u00a0\u00bb#ffffff\u00a0\u00bb icon_color_hover=\u00a0\u00bb#ffffff\u00a0\u00bb color1=\u00a0\u00bb#107fc9&Prime; icon_color_bg_hover=\u00a0\u00bb#107fc9&Prime; message=\u00a0\u00bbLorem ipsum dolor amet, consecte tur adipiscing elit. Ut eu nisl quis augue suscipit dignissim.\u00a0\u00bb main_heading_font_family=\u00a0\u00bbfont_family:Open Sans|font_call:Open+Sans\u00a0\u00bb desc_font_family=\u00a0\u00bbfont_family:Open Sans|font_call:Open+Sans|variant:600&Prime; main_heading_border=\u00a0\u00bbborder-style:none;|\u00a0\u00bb sub_heading_style=\u00a0\u00bbfont-weight:600;\u00a0\u00bb main_title_typograpy=\u00a0\u00bb\u00a0\u00bb main_desc_typograpy=\u00a0\u00bb\u00a0\u00bb margin_design_tab_text=\u00a0\u00bb\u00a0\u00bb][\/imedica_info_boxes][\/vc_column_inner][vc_column_inner width=\u00a0\u00bb1\/4&Prime;]<div class=\"ult-spacer spacer-69e735f343f50\" data-id=\"69e735f343f50\" data-height=\"\" data-height-mobile=\"10\" data-height-tab=\"\" data-height-tab-portrait=\"\" data-height-mobile-landscape=\"\" style=\"clear:both;display:block;\"><\/div>[imedica_info_boxes title=\u00a0\u00bbMot de bienvenue\u00a0\u00bb title_font_size=\u00a0\u00bb22&Prime; desc_font_size=\u00a0\u00bb12&Prime; titlecolor=\u00a0\u00bb#107fc9&Prime; titlehovercolor=\u00a0\u00bb#107fc9&Prime; bgcolor=\u00a0\u00bb#ffffff\u00a0\u00bb back_hover_color=\u00a0\u00bb#ffffff\u00a0\u00bb style=\u00a0\u00bbStyle2&Prime; icon=\u00a0\u00bbDefaults-eye\u00a0\u00bb icon_size=\u00a0\u00bb24&Prime; icon_color=\u00a0\u00bb#ffffff\u00a0\u00bb icon_color_hover=\u00a0\u00bb#ffffff\u00a0\u00bb color1=\u00a0\u00bb#107fc9&Prime; icon_color_bg_hover=\u00a0\u00bb#107fc9&Prime; message=\u00a0\u00bbLorem ipsum dolor amet, consecte tur adipiscing elit. Ut eu nisl quis augue suscipit dignissim.\u00a0\u00bb main_heading_font_family=\u00a0\u00bbfont_family:Open Sans|font_call:Open+Sans\u00a0\u00bb desc_font_family=\u00a0\u00bbfont_family:Open Sans|font_call:Open+Sans|variant:600&Prime; main_heading_border=\u00a0\u00bbborder-style:none;|\u00a0\u00bb sub_heading_style=\u00a0\u00bbfont-weight:600;\u00a0\u00bb main_title_typograpy=\u00a0\u00bb\u00a0\u00bb main_desc_typograpy=\u00a0\u00bb\u00a0\u00bb margin_design_tab_text=\u00a0\u00bb\u00a0\u00bb][\/imedica_info_boxes][\/vc_column_inner][vc_column_inner width=\u00a0\u00bb1\/4&Prime;]<div class=\"ult-spacer spacer-69e735f343f57\" data-id=\"69e735f343f57\" data-height=\"\" data-height-mobile=\"10\" data-height-tab=\"\" data-height-tab-portrait=\"\" data-height-mobile-landscape=\"\" style=\"clear:both;display:block;\"><\/div>[imedica_info_boxes title=\u00a0\u00bbAgenda\u00a0\u00bb title_font_size=\u00a0\u00bb22&Prime; desc_font_size=\u00a0\u00bb12&Prime; titlecolor=\u00a0\u00bb#107fc9&Prime; titlehovercolor=\u00a0\u00bb#107fc9&Prime; bgcolor=\u00a0\u00bb#ffffff\u00a0\u00bb back_hover_color=\u00a0\u00bb#ffffff\u00a0\u00bb style=\u00a0\u00bbStyle2&Prime; icon=\u00a0\u00bbDefaults-female\u00a0\u00bb icon_size=\u00a0\u00bb24&Prime; icon_color=\u00a0\u00bb#ffffff\u00a0\u00bb icon_color_hover=\u00a0\u00bb#ffffff\u00a0\u00bb color1=\u00a0\u00bb#107fc9&Prime; icon_color_bg_hover=\u00a0\u00bb#107fc9&Prime; message=\u00a0\u00bbLorem ipsum dolor amet, consecte tur adipiscing elit. Ut eu nisl quis augue suscipit dignissim.\u00a0\u00bb main_heading_font_family=\u00a0\u00bbfont_family:Open Sans|font_call:Open+Sans|variant:regular\u00a0\u00bb desc_font_family=\u00a0\u00bbfont_family:Open Sans|font_call:Open+Sans|variant:600&Prime; main_heading_border=\u00a0\u00bbborder-style:none;|\u00a0\u00bb main_heading_style=\u00a0\u00bbfont-weight:normal;font-style:normal;\u00a0\u00bb sub_heading_style=\u00a0\u00bbfont-weight:600;\u00a0\u00bb main_title_typograpy=\u00a0\u00bb\u00a0\u00bb main_desc_typograpy=\u00a0\u00bb\u00a0\u00bb margin_design_tab_text=\u00a0\u00bb\u00a0\u00bb][\/imedica_info_boxes][\/vc_column_inner][vc_column_inner width=\u00a0\u00bb1\/4&Prime;]<div class=\"ult-spacer spacer-69e735f343f5c\" data-id=\"69e735f343f5c\" data-height=\"\" data-height-mobile=\"10\" data-height-tab=\"\" data-height-tab-portrait=\"\" data-height-mobile-landscape=\"\" style=\"clear:both;display:block;\"><\/div>[imedica_info_boxes title=\u00a0\u00bbContact\u00a0\u00bb title_font_size=\u00a0\u00bb22&Prime; desc_font_size=\u00a0\u00bb12&Prime; titlecolor=\u00a0\u00bb#107fc9&Prime; titlehovercolor=\u00a0\u00bb#107fc9&Prime; bgcolor=\u00a0\u00bb#ffffff\u00a0\u00bb back_hover_color=\u00a0\u00bb#ffffff\u00a0\u00bb style=\u00a0\u00bbStyle2&Prime; icon=\u00a0\u00bbDefaults-medkit\u00a0\u00bb icon_size=\u00a0\u00bb24&Prime; icon_color=\u00a0\u00bb#ffffff\u00a0\u00bb icon_color_hover=\u00a0\u00bb#ffffff\u00a0\u00bb color1=\u00a0\u00bb#107fc9&Prime; icon_color_bg_hover=\u00a0\u00bb#107fc9&Prime; message=\u00a0\u00bbLorem ipsum dolor amet, consecte tur adipiscing elit. Ut eu nisl quis augue suscipit dignissim.\u00a0\u00bb main_heading_font_family=\u00a0\u00bbfont_family:Open Sans|font_call:Open+Sans|variant:regular\u00a0\u00bb desc_font_family=\u00a0\u00bbfont_family:Open Sans|font_call:Open+Sans|variant:600&Prime; main_heading_border=\u00a0\u00bbborder-style:none;|\u00a0\u00bb main_heading_style=\u00a0\u00bbfont-weight:normal;font-style:normal;\u00a0\u00bb sub_heading_style=\u00a0\u00bbfont-weight:600;\u00a0\u00bb main_title_typograpy=\u00a0\u00bb\u00a0\u00bb main_desc_typograpy=\u00a0\u00bb\u00a0\u00bb margin_design_tab_text=\u00a0\u00bb\u00a0\u00bb][\/imedica_info_boxes][\/vc_column_inner][\/vc_row_inner][\/vc_column][\/vc_row]<\/p>\n","protected":false},"excerpt":{"rendered":"<p>[vc_row bg_type=\u00a0\u00bbno_bg\u00a0\u00bb css=\u00a0\u00bb.vc_custom_1418726910927{margin-top: -70px !important;margin-bottom: 0px !important;padding-top: 70px !important;padding-bottom: 70px !important;}\u00a0\u00bb][vc_column width=\u00a0\u00bb1\/2&Prime;][\/vc_column][vc_column width=\u00a0\u00bb1\/2&Prime;][\/vc_column][\/vc_row][vc_row bg_type=\u00a0\u00bbimage\u00a0\u00bb parallax_style=\u00a0\u00bbvcpb-default\u00a0\u00bb bg_image_new=\u00a0\u00bbid^9860|url^http:\/\/mpfef.gouv.ml\/wp-content\/uploads\/2017\/08\/DSC03221.jpg|caption^null|alt^null|title^DSC03221|description^null\u00a0\u00bb bg_image_repeat=\u00a0\u00bbno-repeat\u00a0\u00bb bg_override=\u00a0\u00bbfull\u00a0\u00bb enable_overlay=\u00a0\u00bbenable_overlay_value\u00a0\u00bb overlay_color=\u00a0\u00bbrgba(255,255,255,0.27)\u00a0\u00bb overlay_pattern_opacity=\u00a0\u00bb80&Prime; css=\u00a0\u00bb.vc_custom_1510424503346{margin-bottom: 0px !important;padding-top: 70px !important;padding-bottom: 60px !important;}\u00a0\u00bb][vc_column][vc_row_inner][vc_column_inner width=\u00a0\u00bb1\/4&Prime;][imedica_info_boxes title=\u00a0\u00bbBiogarphie\u00a0\u00bb title_font_size=\u00a0\u00bb22&Prime;<\/p>\n","protected":false},"author":2,"featured_media":0,"parent":0,"menu_order":5,"comment_status":"closed","ping_status":"closed","template":"","meta":{"_monsterinsights_skip_tracking":false,"_monsterinsights_sitenote_active":false,"_monsterinsights_sitenote_note":"","_monsterinsights_sitenote_category":0,"footnotes":""},"class_list":["post-1847","page","type-page","status-publish","hentry"],"aioseo_notices":[],"_links":{"self":[{"href":"http:\/\/mpfef.gouv.ml\/index.php\/wp-json\/wp\/v2\/pages\/1847","targetHints":{"allow":["GET"]}}],"collection":[{"href":"http:\/\/mpfef.gouv.ml\/index.php\/wp-json\/wp\/v2\/pages"}],"about":[{"href":"http:\/\/mpfef.gouv.ml\/index.php\/wp-json\/wp\/v2\/types\/page"}],"author":[{"embeddable":true,"href":"http:\/\/mpfef.gouv.ml\/index.php\/wp-json\/wp\/v2\/users\/2"}],"replies":[{"embeddable":true,"href":"http:\/\/mpfef.gouv.ml\/index.php\/wp-json\/wp\/v2\/comments?post=1847"}],"version-history":[{"count":9,"href":"http:\/\/mpfef.gouv.ml\/index.php\/wp-json\/wp\/v2\/pages\/1847\/revisions"}],"predecessor-version":[{"id":10006,"href":"http:\/\/mpfef.gouv.ml\/index.php\/wp-json\/wp\/v2\/pages\/1847\/revisions\/10006"}],"wp:attachment":[{"href":"http:\/\/mpfef.gouv.ml\/index.php\/wp-json\/wp\/v2\/media?parent=1847"}],"curies":[{"name":"wp","href":"https:\/\/api.w.org\/{rel}","templated":true}]}}