{"id":9426,"date":"2017-08-23T16:31:14","date_gmt":"2017-08-23T14:31:14","guid":{"rendered":"http:\/\/172.16.1.100\/mpfef?page_id=9426"},"modified":"2017-08-23T16:31:14","modified_gmt":"2017-08-23T14:31:14","slug":"pattec","status":"publish","type":"page","link":"http:\/\/mpfef.gouv.ml\/index.php\/pattec\/","title":{"rendered":"PATTEC"},"content":{"rendered":"<p><b><em>Direction Nationale des Services V\u00e9t\u00e9rinaires<\/em><\/b><\/p>\n<p><strong><b><em>CREATION DE ZONES LIBEREES DURABLEMENT DE LA MOUCHE TSE-TSE ET LA TRYPANOSOMIASE EN AFRIQUE DE L\u2019EST ET DE L\u2019OUEST<\/em><\/b><\/strong><\/p>\n<p><b><em>DESCRIPTION DU PROJET: RNP 2117 PATTEC<\/em><\/b><\/p>\n<p><strong><b><em>Adresse du projet :\u00a0<\/em><\/b><\/strong>BP 9125, Sotuba ;<\/p>\n<p>T\u00e9l : 20 24 01 43, 20 24 19 85 ; Fax : 20 24 19 73<\/p>\n<p>Email :\u00a0<a href=\"mailto:bamous_kone@hotmail.com\">bamous_kone@hotmail.com<\/a>,<\/p>\n<p><a href=\"mailto:cheicksallahsow@yahoo.fr\">cheicksallahsow@yahoo.fr<\/a><\/p>\n<p><strong><b><em>Zones d\u2019intervention:\u00a0<\/em><\/b><\/strong>Bamako, Koulikoro et S\u00e9gou<\/p>\n<p><strong><b><em>Secteur et Sous-secteur :\u00a0<\/em><\/b><\/strong>Economie rurale\/Elevage<\/p>\n<p><strong><b><em>Bailleurs :\u00a0<\/em><\/b><\/strong>BAD et GRM<\/p>\n<p><strong><b><em>Co\u00fbt total :\u00a0<\/em><\/b><\/strong>5 740 millions de F CFA<\/p>\n<p><strong><b><em>Nature du financement :\u00a0<\/em><\/b><\/strong>Subvention, Pr\u00eat et budget national<\/p>\n<p><strong><b><em>Modalit\u00e9 d\u2019appui :\u00a0<\/em><\/b><\/strong>Aide projet<\/p>\n<p><strong><b><em>Dur\u00e9e du Projet:\u00a0<\/em><\/b><\/strong>6 ans (2006-2011)<\/p>\n<p><strong><b><em>Logique d\u2019intervention du projet :<\/em><\/b><\/strong><\/p>\n<p>L\u2019objectif sectoriel du projet est de contribuer \u00e0 la r\u00e9duction de la pauvret\u00e9 et \u00e0 l\u2019am\u00e9lioration de la s\u00e9curit\u00e9 alimentaire au Mali.<\/p>\n<p>L\u2019objectif sp\u00e9cifique est la cr\u00e9ation de zones exemptes de la mouche Ts\u00e9 Ts\u00e9 et de la trypanosomiase en Afrique subsaharienne en int\u00e9grant les techniques de r\u00e9duction de l\u2019infestation, de lutte et d\u2019\u00e9radication tout en faisant en sorte d\u2019assurer de mani\u00e8re \u00e9quitable et durable la mise en valeur \u00e9conomique des terres reconquises.<\/p>\n<p>Le PATTEC a quatre composantes :<\/p>\n<p>(A) R\u00e9duction de l\u2019infestation et \u00e9radication ;<\/p>\n<p>(B) Renforcement des capacit\u00e9s ;<\/p>\n<p>(C) Am\u00e9nagement durable des terres et<\/p>\n<p>(D) Coordination et gestion du projet.<\/p>\n<p><strong><b><em>Proc\u00e9dures utilis\u00e9es pour le financement international:\u00a0<\/em><\/b><\/strong>Proc\u00e9dures du bailleur.<\/p>\n<p><strong><b><em>Type d\u2019unit\u00e9 de gestion de projet :\u00a0<\/em><\/b><\/strong>Cellule de coordination et de gestion autonome.<\/p>\n<p><b><em>ETAT D\u2019AVANCEMENT DU PROJET :<\/em><\/b><\/p>\n<p><strong><b><em>Dates :\u00a0<\/em><\/b><\/strong>Date de signature de l\u2019accord de pr\u00eat : 14\/02\/2005<\/p>\n<p>Date de mise en vigueur : 29\/05\/2006<\/p>\n<p>Date du 1er\u00a0d\u00e9caissement : 11\/09\/2006<\/p>\n<p><strong><b><em>Situation d\u2019ex\u00e9cution des principales r\u00e9alisations au 31\/12\/2009 :<\/em><\/b><\/strong><\/p>\n<table width=\"446\">\n<tbody>\n<tr>\n<td width=\"272\"><strong><b><em>Nature<\/em><\/b><\/strong><\/td>\n<td width=\"66\"><strong><b><em>Unit\u00e9<\/em><\/b><\/strong><\/td>\n<td width=\"85\"><strong><b><em>Niveau cible<\/em><\/b><\/strong><\/td>\n<td width=\"95\"><strong><b><em>R\u00e9alisations cumul\u00e9es<\/em><\/b><\/strong><\/td>\n<\/tr>\n<tr>\n<td width=\"272\">R\u00e9duction de l\u2019infestation et \u00e9radication des glossines<\/p>\n<p>&#8211; Contr\u00f4le de la population de glossine<\/p>\n<p>&#8211; Pose de pi\u00e8ges impr\u00e9gn\u00e9s d\u2019insecticides<\/p>\n<p>&#8211; Pr\u00e9l\u00e8vement de sang<\/td>\n<td width=\"66\">&nbsp;<\/p>\n<p>Km2<\/p>\n<p>Km\u00b2<\/p>\n<p>Nbre<\/td>\n<td width=\"85\">&nbsp;<\/p>\n<p>37 000<\/p>\n<p>18 000<\/p>\n<p>50 000<\/td>\n<td width=\"95\">&nbsp;<\/p>\n<p>18 000<\/p>\n<p>10 800<\/p>\n<p>2749<\/td>\n<\/tr>\n<tr>\n<td width=\"272\">Renforcement des capacit\u00e9s<\/p>\n<p>Formation des brigadiers<\/p>\n<p>Formation des agents de sant\u00e9<\/p>\n<p>Formation des agents du projet au Burkina Faso<\/p>\n<p>A. Ateliers r\u00e9gionaux et communaux de sensibilisation<\/td>\n<td width=\"66\">&nbsp;<\/p>\n<p>Nbre<\/p>\n<p>Nbre<\/p>\n<p>Nbre<\/p>\n<p>Nbre<\/td>\n<td width=\"85\">&nbsp;<\/p>\n<p>600<\/p>\n<p>&#8211;<\/p>\n<p>&#8211;<\/p>\n<p>3<\/td>\n<td width=\"95\">&nbsp;<\/p>\n<p>970<\/p>\n<p>&#8211;<\/p>\n<p>6<\/p>\n<p>2<\/td>\n<\/tr>\n<tr>\n<td width=\"272\">Am\u00e9nagement durable des terres<\/p>\n<p>B. R\u00e9alisation d\u2019\u00e9tude d\u2019occupation des terres<\/td>\n<td width=\"66\">Nbre<\/td>\n<td width=\"85\">1<\/td>\n<td width=\"95\">1<\/td>\n<\/tr>\n<tr>\n<td width=\"272\">Construction de T\u00e9l\u00e9 centre<\/td>\n<td width=\"66\">Nbre<\/td>\n<td width=\"85\">1<\/td>\n<td width=\"95\">1<\/td>\n<\/tr>\n<tr>\n<td width=\"272\">Acquisition de mat\u00e9riel\/Equipements<\/p>\n<p>Unit\u00e9s informatiques compl\u00e8tes<\/p>\n<p>Ordinateurs portables<\/td>\n<td width=\"66\">Nbre<\/p>\n<p>Nbre<\/td>\n<td colspan=\"2\" width=\"180\">2<\/p>\n<p>5<\/td>\n<\/tr>\n<tr>\n<td width=\"272\">Revue \u00e0 mi-parcours<\/p>\n<p>Missions de supervision<\/td>\n<td width=\"66\">Nbre<\/p>\n<p>Nbre<\/td>\n<td width=\"85\">1<\/p>\n<p>12<\/td>\n<td width=\"95\">1<\/p>\n<p>2<\/td>\n<\/tr>\n<tr>\n<td width=\"272\">Coordination et gestion du projet<\/p>\n<p>C. Mise en place de la cellule de coordination<\/p>\n<p>D. Lancement du projet par le MEP<\/td>\n<td width=\"66\">Nbre<\/p>\n<p>Nbre<\/td>\n<td width=\"85\">1<\/p>\n<p>1<\/td>\n<td width=\"95\">1<\/p>\n<p>1<\/td>\n<\/tr>\n<\/tbody>\n<\/table>\n<p><strong><b><em>Situation d\u2019ex\u00e9cution financi\u00e8re au 31\/12\/2009:\u00a0<\/em><\/b><\/strong><b><em>source PATTEC\/CPS<\/em><\/b><\/p>\n<table width=\"460\">\n<tbody>\n<tr>\n<td width=\"149\"><strong><b><em>Sources de financement<\/em><\/b><\/strong><\/td>\n<td width=\"123\"><strong><b><em>Financements acquis<\/em><\/b><\/strong><\/p>\n<p><strong>millions F CFA<\/strong><\/td>\n<td width=\"142\"><strong><b><em>Cumul des d\u00e9caissements<\/em><\/b><\/strong><\/p>\n<p><strong>millions F CFA<\/strong><\/td>\n<td width=\"123\"><strong><b><em>Taux de d\u00e9caissement<\/em><\/b><\/strong><\/p>\n<p><strong><b><em>(en %)<\/em><\/b><\/strong><\/td>\n<\/tr>\n<tr>\n<td width=\"149\"><strong><b><em>Financement int\u00e9rieur :<\/em><\/b><\/strong><\/p>\n<p><strong>A. Budget national :<\/strong><\/p>\n<p>&#8211; Equipement \u2013 investissement PPTE :<\/p>\n<p><strong>B. Autofinancement :<\/strong><\/p>\n<p><strong>C. Autres (populations\/collectivit\u00e9s)<\/strong><\/td>\n<td width=\"123\">804<\/td>\n<td width=\"142\">384<\/td>\n<td width=\"123\">48<\/td>\n<\/tr>\n<tr>\n<td width=\"149\"><strong><b><em>Total financement int\u00e9rieur<\/em><\/b><\/strong><\/td>\n<td width=\"123\"><strong>804<\/strong><\/td>\n<td width=\"142\"><strong>384<\/strong><\/td>\n<td width=\"123\">48<\/td>\n<\/tr>\n<tr>\n<td width=\"149\"><strong><b><em>Financement ext\u00e9rieur :<\/em><\/b><\/strong><\/p>\n<p>D. BAD<\/td>\n<td width=\"123\">4 936<\/td>\n<td width=\"142\">386<\/td>\n<td width=\"123\">8<\/td>\n<\/tr>\n<tr>\n<td width=\"149\"><strong><b><em>Total financement ext\u00e9rieur<\/em><\/b><\/strong><\/td>\n<td width=\"123\"><strong>4 936<\/strong><\/td>\n<td width=\"142\"><strong>386<\/strong><\/td>\n<td width=\"123\"><strong>8<\/strong><\/td>\n<\/tr>\n<tr>\n<td width=\"149\"><strong><b><em>TOTAL DES FINANCEMENTS<\/em><\/b><\/strong><\/td>\n<td width=\"123\"><strong><b><em>5 740<\/em><\/b><\/strong><\/td>\n<td width=\"142\"><strong><b><em>770<\/em><\/b><\/strong><\/td>\n<td width=\"123\"><strong><b><em>13 %<\/em><\/b><\/strong><\/td>\n<\/tr>\n<\/tbody>\n<\/table>\n<p><strong><b><em>Contribution directe du Projet\/Programme \u00e0 la r\u00e9duction de la pauvret\u00e9 :<\/em><\/b><\/strong><\/p>\n<p>La r\u00e9duction de la densit\u00e9 de la population de glossines de 96% a permis une augmentation du temps de travail journalier dans les champs et du temps de p\u00e2ture des animaux, une diminution de la maladie, du co\u00fbt des traitements et une am\u00e9lioration de la sant\u00e9 des animaux.<\/p>\n","protected":false},"excerpt":{"rendered":"<p><em>Direction Nationale des Services V\u00e9t\u00e9rinaires<\/em><\/p>\n<p><em>CREATION DE ZONES LIBEREES DURABLEMENT DE LA MOUCHE TSE-TSE ET LA TRYPANOSOMIASE EN AFRIQUE DE L\u2019EST ET DE L\u2019OUEST<\/em><\/p>\n<p><em>DESCRIPTION DU PROJET: RNP 2117 PATTEC<\/em><\/p>\n<p><em>Adresse du projet :\u00a0<\/em>BP 9125, Sotuba ;<\/p>\n<p>T\u00e9l : 20 24 01 43,<\/p>\n","protected":false},"author":2,"featured_media":0,"parent":0,"menu_order":0,"comment_status":"closed","ping_status":"closed","template":"","meta":{"_monsterinsights_skip_tracking":false,"_monsterinsights_sitenote_active":false,"_monsterinsights_sitenote_note":"","_monsterinsights_sitenote_category":0,"footnotes":""},"class_list":["post-9426","page","type-page","status-publish","hentry"],"aioseo_notices":[],"_links":{"self":[{"href":"http:\/\/mpfef.gouv.ml\/index.php\/wp-json\/wp\/v2\/pages\/9426","targetHints":{"allow":["GET"]}}],"collection":[{"href":"http:\/\/mpfef.gouv.ml\/index.php\/wp-json\/wp\/v2\/pages"}],"about":[{"href":"http:\/\/mpfef.gouv.ml\/index.php\/wp-json\/wp\/v2\/types\/page"}],"author":[{"embeddable":true,"href":"http:\/\/mpfef.gouv.ml\/index.php\/wp-json\/wp\/v2\/users\/2"}],"replies":[{"embeddable":true,"href":"http:\/\/mpfef.gouv.ml\/index.php\/wp-json\/wp\/v2\/comments?post=9426"}],"version-history":[{"count":1,"href":"http:\/\/mpfef.gouv.ml\/index.php\/wp-json\/wp\/v2\/pages\/9426\/revisions"}],"predecessor-version":[{"id":9427,"href":"http:\/\/mpfef.gouv.ml\/index.php\/wp-json\/wp\/v2\/pages\/9426\/revisions\/9427"}],"wp:attachment":[{"href":"http:\/\/mpfef.gouv.ml\/index.php\/wp-json\/wp\/v2\/media?parent=9426"}],"curies":[{"name":"wp","href":"https:\/\/api.w.org\/{rel}","templated":true}]}}