{"id":9434,"date":"2017-08-23T16:34:55","date_gmt":"2017-08-23T14:34:55","guid":{"rendered":"http:\/\/172.16.1.100\/mpfef?page_id=9434"},"modified":"2017-08-23T16:34:55","modified_gmt":"2017-08-23T14:34:55","slug":"dnsv-ppcb","status":"publish","type":"page","link":"http:\/\/mpfef.gouv.ml\/index.php\/dnsv-ppcb\/","title":{"rendered":"DNSV-PPCB"},"content":{"rendered":"<p><b><em>Direction Nationale des Services V\u00e9t\u00e9rinaires<\/em><\/b><\/p>\n<p><strong><b><em>PROGRAMME QUINQUENNAL DE LUTTE CONTRE LA PERIPNEUMONIE CONTAGIEUSE BOVINE (PPCB)<\/em><\/b><\/strong><\/p>\n<p><b><em>DESCRIPTION DU PROJET: RNP 2199 PQL PPCB<\/em><\/b><\/p>\n<p><strong><b><em>Adresse du projet :\u00a0<\/em><\/b><\/strong>T\u00e9l \/ Fax : 20 22 61 93 \/ 20 22 20 23<\/p>\n<p>Email :\u00a0<a href=\"mailto:camarasolo@hotmail.com\">camarasolo@hotmail.com<\/a><\/p>\n<p><strong><b><em>Zones d\u2019intervention:\u00a0<\/em><\/b><\/strong>Territoire national<\/p>\n<p><strong><b><em>Secteur et Sous-secteur :\u00a0<\/em><\/b><\/strong>Economie rurale\/Elevage<\/p>\n<p><strong><b><em>Bailleurs :\u00a0<\/em><\/b><\/strong>GRM<\/p>\n<p><strong><b><em>Co\u00fbt du programme :\u00a0<\/em><\/b><\/strong>885 millions de F CFA<\/p>\n<p><strong><b><em>Nature du financement :\u00a0<\/em><\/b><\/strong>Budget national<\/p>\n<p><strong><b><em>Modalit\u00e9 d\u2019appui :\u00a0<\/em><\/b><\/strong>Aide projet<\/p>\n<p><strong><b><em>Dur\u00e9e du Projet:\u00a0<\/em><\/b><\/strong>5 ans (2007-2011)<\/p>\n<p><strong><b><em>Logique d\u2019intervention du projet :<\/em><\/b><\/strong><\/p>\n<p>L\u2019objectif global est d\u2019am\u00e9liorer la couverture sanitaire des bovins et de lutter contre la pauvret\u00e9. Sp\u00e9cifiquement, il a pour objectif de r\u00e9aliser des infrastructures v\u00e9t\u00e9rinaires pour faciliter la vaccination des animaux et am\u00e9liorer les conditionnements des produits v\u00e9t\u00e9rinaires. Le projet s\u2019articule autour de trois composantes suivantes A) Mat\u00e9riels et logistique (conservation de froid), B) Equipements techniques et C) Parcs de vaccination.<\/p>\n<p><strong><b><em>Proc\u00e9dures utilis\u00e9es pour le financement international:\u00a0<\/em><\/b><\/strong>Non applicable<\/p>\n<p><strong><b><em>Type d\u2019unit\u00e9 de gestion de projet\u00a0<\/em><\/b><\/strong>: Non applicable (projet g\u00e9r\u00e9 directement par la structure)<\/p>\n<p><b><em>ETAT D\u2019AVANCEMENT DU PROJET :<\/em><\/b><\/p>\n<p><strong><b><em>Dates :\u00a0<\/em><\/b><\/strong>Date de signature : 31\/05\/2006<\/p>\n<p>Date de mise en vigueur : 31\/05\/2006<\/p>\n<p>Date de premier d\u00e9caissement : 24\/07\/2007<\/p>\n<p><strong><b><em>Situation d\u2019ex\u00e9cution des principales r\u00e9alisations physiques au 31\/12\/2009 :<\/em><\/b><\/strong><\/p>\n<table width=\"453\">\n<tbody>\n<tr>\n<td width=\"205\"><strong><b><em>Nature<\/em><\/b><\/strong><\/td>\n<td width=\"142\"><strong><b><em>Unit\u00e9<\/em><\/b><\/strong><\/td>\n<td width=\"132\"><strong><b><em>Niveau cible<\/em><\/b><\/strong><\/td>\n<td width=\"160\"><strong><b><em>R\u00e9alisations cumul\u00e9es<\/em><\/b><\/strong><\/td>\n<\/tr>\n<tr>\n<td width=\"205\">Parcs de vaccination<\/td>\n<td width=\"142\">Nbre<\/td>\n<td width=\"132\">50<\/td>\n<td width=\"160\">22<\/td>\n<\/tr>\n<tr>\n<td width=\"205\">V\u00e9hicules<\/td>\n<td width=\"142\">Nbre<\/td>\n<td width=\"132\">15<\/td>\n<td width=\"160\">15<\/td>\n<\/tr>\n<tr>\n<td width=\"205\">Motos<\/td>\n<td width=\"142\">Nbre<\/td>\n<td width=\"132\">100<\/td>\n<td width=\"160\">116<\/td>\n<\/tr>\n<tr>\n<td width=\"205\">Mat\u00e9riel de froid<\/td>\n<td width=\"142\">Nbre<\/td>\n<td width=\"132\">80<\/td>\n<td width=\"160\">25<\/td>\n<\/tr>\n<\/tbody>\n<\/table>\n<p><strong><b><em>Situation d\u2019ex\u00e9cution financi\u00e8re au 31\/12\/2009 :\u00a0<\/em><\/b><\/strong><b><em>source DNSV<\/em><\/b><\/p>\n<table width=\"451\">\n<tbody>\n<tr>\n<td width=\"205\"><strong><b><em>Sources de financement<\/em><\/b><\/strong><\/td>\n<td width=\"116\"><strong><b><em>Financements acquis<\/em><\/b><\/strong><\/p>\n<p><strong>millions F CFA<\/strong><\/td>\n<td width=\"161\"><strong><b><em>Cumul des d\u00e9caissements<\/em><\/b><\/strong><\/p>\n<p><strong>millions F CFA<\/strong><\/td>\n<td width=\"161\"><strong><b><em>Taux de d\u00e9caissement<\/em><\/b><\/strong><\/p>\n<p><strong><b><em>(en %)<\/em><\/b><\/strong><\/td>\n<\/tr>\n<tr>\n<td width=\"205\"><strong><b><em>Financement int\u00e9rieur :<\/em><\/b><\/strong><\/p>\n<p>&nbsp;<\/p>\n<p><strong>A. Budget national<\/strong><\/p>\n<p>&nbsp;<\/td>\n<td width=\"116\">885<\/td>\n<td width=\"161\">632<\/td>\n<td width=\"161\">71<\/td>\n<\/tr>\n<tr>\n<td width=\"205\"><strong><b><em>Total financement int\u00e9rieur<\/em><\/b><\/strong><\/td>\n<td width=\"116\"><strong><b><em>885<\/em><\/b><\/strong><\/td>\n<td width=\"161\"><strong><b><em>632<\/em><\/b><\/strong><\/td>\n<td width=\"161\"><strong><b><em>71<\/em><\/b><\/strong><\/td>\n<\/tr>\n<tr>\n<td width=\"205\"><strong><b><em>TOTAL DES FINANCEMENTS<\/em><\/b><\/strong><\/td>\n<td width=\"116\"><strong>885<\/strong><\/td>\n<td width=\"161\"><strong><b><em>632<\/em><\/b><\/strong><\/td>\n<td width=\"161\"><strong><b><em>71 %<\/em><\/b><\/strong><\/td>\n<\/tr>\n<\/tbody>\n<\/table>\n<p><strong><b><em>Contribution directe du Projet\/Programme \u00e0 la r\u00e9duction de la pauvret\u00e9 :<\/em><\/b><\/strong><\/p>\n<p>Le projet a contribu\u00e9 \u00e0 lutter contre les maladies animales et a donc permis d\u2019augmenter les revenus des \u00e9leveurs.<\/p>\n","protected":false},"excerpt":{"rendered":"<p><em>Direction Nationale des Services V\u00e9t\u00e9rinaires<\/em><\/p>\n<p><em>PROGRAMME QUINQUENNAL DE LUTTE CONTRE LA PERIPNEUMONIE CONTAGIEUSE BOVINE (PPCB)<\/em><\/p>\n<p><em>DESCRIPTION DU PROJET: RNP 2199 PQL PPCB<\/em><\/p>\n<p><em>Adresse du projet :\u00a0<\/em>T\u00e9l \/ Fax : 20 22 61 93 \/ 20 22 20 23<\/p>\n<p>Email :\u00a0<a href=\"mailto:camarasolo@hotmail.com\">camarasolo@hotmail.com<\/a><\/p>\n<p><em>Zones d\u2019intervention:\u00a0<\/em>Territoire national<\/p>\n<p><em>Secteur et Sous-secteur :\u00a0<\/em>Economie rurale\/Elevage<\/p>\n<p><em>Bailleurs :\u00a0<\/em>GRM<\/p>\n<p><em>Co\u00fbt du programme :\u00a0<\/em>885 millions de F CFA<\/p>\n<p><em>Nature du financement :\u00a0<\/em>Budget national<\/p>\n<p><em>Modalit\u00e9 d\u2019appui :\u00a0<\/em>Aide projet<\/p>\n<p><em>Dur\u00e9e du Projet:\u00a0<\/em>5 ans (2007-2011)<\/p>\n<p><em>Logique d\u2019intervention du projet :<\/em><\/p>\n<p>L\u2019objectif global est d\u2019am\u00e9liorer la couverture sanitaire des bovins et de lutter contre la pauvret\u00e9.<\/p>\n","protected":false},"author":2,"featured_media":0,"parent":0,"menu_order":0,"comment_status":"closed","ping_status":"closed","template":"","meta":{"_monsterinsights_skip_tracking":false,"_monsterinsights_sitenote_active":false,"_monsterinsights_sitenote_note":"","_monsterinsights_sitenote_category":0,"footnotes":""},"class_list":["post-9434","page","type-page","status-publish","hentry"],"aioseo_notices":[],"_links":{"self":[{"href":"http:\/\/mpfef.gouv.ml\/index.php\/wp-json\/wp\/v2\/pages\/9434","targetHints":{"allow":["GET"]}}],"collection":[{"href":"http:\/\/mpfef.gouv.ml\/index.php\/wp-json\/wp\/v2\/pages"}],"about":[{"href":"http:\/\/mpfef.gouv.ml\/index.php\/wp-json\/wp\/v2\/types\/page"}],"author":[{"embeddable":true,"href":"http:\/\/mpfef.gouv.ml\/index.php\/wp-json\/wp\/v2\/users\/2"}],"replies":[{"embeddable":true,"href":"http:\/\/mpfef.gouv.ml\/index.php\/wp-json\/wp\/v2\/comments?post=9434"}],"version-history":[{"count":1,"href":"http:\/\/mpfef.gouv.ml\/index.php\/wp-json\/wp\/v2\/pages\/9434\/revisions"}],"predecessor-version":[{"id":9436,"href":"http:\/\/mpfef.gouv.ml\/index.php\/wp-json\/wp\/v2\/pages\/9434\/revisions\/9436"}],"wp:attachment":[{"href":"http:\/\/mpfef.gouv.ml\/index.php\/wp-json\/wp\/v2\/media?parent=9434"}],"curies":[{"name":"wp","href":"https:\/\/api.w.org\/{rel}","templated":true}]}}