{"id":10378,"date":"2019-01-15T21:29:47","date_gmt":"2019-01-15T20:29:47","guid":{"rendered":"http:\/\/mpfef.gouv.ml\/?page_id=10378"},"modified":"2019-01-15T21:29:50","modified_gmt":"2019-01-15T20:29:50","slug":"centre-national-de-documentation-et-dinformation-sur-la-femme-et-lenfant","status":"publish","type":"page","link":"https:\/\/mpfef.gouv.ml\/index.php\/centre-national-de-documentation-et-dinformation-sur-la-femme-et-lenfant\/","title":{"rendered":"CENTRE NATIONAL DE DOCUMENTATION ET D&rsquo;INFORMATION  SUR LA FEMME ET L&rsquo;ENFANT"},"content":{"rendered":"\n<p style=\"text-align:center\"><strong>CENTRE NATIONAL DE DOCUMENTATION ET D&rsquo;INFORMATION <\/strong><\/p>\n\n\n\n<p style=\"text-align:center\"><strong>SUR LA FEMME ET L&rsquo;ENFANT <\/strong><\/p>\n\n\n\n<div class=\"wp-block-image\"><figure class=\"aligncenter\"><img loading=\"lazy\" decoding=\"async\" width=\"200\" height=\"182\" src=\"http:\/\/mpfef.gouv.ml\/wp-content\/uploads\/2019\/01\/photo_cndife.jpg\" alt=\"\" class=\"wp-image-10379\"\/><\/figure><\/div>\n\n\n\n<p>LE CENTRE NATIONAL DE DOCUMENTATION ET D\u2019INFORMATION SUR LA FEMME ET\nL\u2019ENFANT (CNDIFE) est cr\u00e9\u00e9 par la loi N\u00b00-004 du 14 janvier 2004 est un service\ncentral rattach\u00e9 au Secr\u00e9tariat G\u00e9n\u00e9ral du minist\u00e8re de la Promotion de la\nFemme de l\u2019Enfant et de la Famille<\/p>\n\n\n\n<p><strong>TEXTES DE\nCREATION&nbsp;:<\/strong><\/p>\n\n\n\n<p>La Loi N\u00b00-004 du 14 janvier 2004 portant cr\u00e9ation du Centre National de\nDocumentation et d\u2019Information sur la Femme et l\u2019Enfant.<\/p>\n\n\n\n<p>Le D\u00e9cret N\u00b0 04-027 \/P-RM du 05 F\u00e9vrier 2004 d\u00e9termine le cadre organique\ndu CNDIFE<\/p>\n\n\n\n<p>Le D\u00e9cret N\u00b0 04-030\/P-RM du 05 f\u00e9vrier 2004 fixe l\u2019organisation et les\nmodalit\u00e9s de fonctionnement du CNDIFE<\/p>\n\n\n\n<p>Protocole d\u2019accord CNDIFE\/CREDIF<\/p>\n\n\n\n<p><strong>I &nbsp; MISSIONS&nbsp;: <\/strong><\/p>\n\n\n\n<p>Le Centre National de Documentation et d\u2019Information est charg\u00e9 de: <\/p>\n\n\n\n<p>1. Contribuer \u00e0 la r\u00e9alisation d\u2019\u00e9tudes et de recherches sur la femme et\nl\u2019enfant&nbsp;;<\/p>\n\n\n\n<p>2. Publier les r\u00e9sultats d\u2019\u00e9tudes et de recherches sur les donn\u00e9es\nrelatives \u00e0 la situation de la femme et de l\u2019enfant au Mali&nbsp;;<\/p>\n\n\n\n<p>3.Collecter, traiter et diffuser les informations statistiques et la\ndocumentation sur la femme et l\u2019enfant&nbsp;;<\/p>\n\n\n\n<p>4. Contribuer \u00e0 l\u2019\u00e9valuation et au suivi de l\u2019impact des plans, programmes\net projets nationaux et des conventions sous-r\u00e9gionales, r\u00e9gionales et\ninternationales en faveur de la femme et de l\u2019enfant&nbsp;; <\/p>\n\n\n\n<p>5.Contribuer \u00e0 la sensibilisation et \u00e0 la formation sur la condition de la\nfemme et de l\u2019enfant.<\/p>\n\n\n\n<p><strong>II\nOBJECTIFS&nbsp;:<\/strong><\/p>\n\n\n\n<p>Le Centre National de Documentation et d\u2019Information a pour objectif\ng\u00e9n\u00e9ral de rendre disponible la documentation et l\u2019information sur la femme en\nvue d\u2019am\u00e9liorer la condition de la femme. Il a pour objectifs sp\u00e9cifiques de :<\/p>\n\n\n\n<p>1. Produire et suivre des indicateurs socio-\u00e9conomiques sur la condition de\nla femme. <\/p>\n\n\n\n<p>2. Informer les autorit\u00e9s publiques, de la soci\u00e9t\u00e9 civile et les\npopulations sur les situations socio \u00e9conomiques de la femme. <\/p>\n\n\n\n<p>3. Veuillez \u00e0 une meilleure visibilit\u00e9 de l\u2019image de la femme. <\/p>\n\n\n\n<p>Pour l\u2019atteinte de ces objectifs, le Centre National de Documentation et\nd\u2019Information sur la Femme et l\u2019Enfant dispose d\u2019un organigramme compos\u00e9 de\nquatre (4) d\u00e9partements et d\u2019un cadre organique de vingt sept (27) agents.<\/p>\n\n\n\n<p><strong>Le D\u00e9cret N\u00b0 04 -030\/P-RM du 05 F\u00e9vrier 2004 fixe l\u2019organisation et les\nmodalit\u00e9s de fonctionnement du CNDIFE <\/strong><\/p>\n\n\n\n<p><strong>III\nSTRUCTURES:<\/strong><\/p>\n\n\n\n<p><strong>DIRECTION&nbsp;:<\/strong><\/p>\n\n\n\n<p>Elle charg\u00e9e de diriger, coordonner, contr\u00f4ler les activit\u00e9s du Centre et\nd\u2019assurer la liaison entre le Centre et le Secr\u00e9tariat G\u00e9n\u00e9ral du Minist\u00e8re.<\/p>\n\n\n\n<p><strong>1. Departement\nde la Documentation<\/strong><\/p>\n\n\n\n<p>Charg\u00e9 des acquisitions, du traitement et de la gestion de la biblioth\u00e8que\net de la banque de donn\u00e9es documentaires.<\/p>\n\n\n\n<p><strong>2. Departement\nde l\u2019Observatoire de la Condition de la l\u2019enfant<\/strong><\/p>\n\n\n\n<p>Charg\u00e9 de collecter, de traiter les donn\u00e9es sur l\u2019enfant&nbsp;; de r\u00e9aliser\ndes \u00e9tudes et des recherches&nbsp;; de mettre en place et de g\u00e9rer une banque\nde donn\u00e9es&nbsp;; de produire, faire un suivi et analyser les indicateurs\nrelatifs \u00e0 la situation de l\u2019enfant.<\/p>\n\n\n\n<p><strong>3. Departement\nde l\u2019Observatoire de la Condition de la Femme<\/strong><\/p>\n\n\n\n<p>Charg\u00e9 de collecter, de traiter les donn\u00e9es sur la femme ; de produire\np\u00e9riodiquement des indicateurs socio-\u00e9conomiques et des rapports sur la\ncondition de la femme.<\/p>\n\n\n\n<p><strong>4.Departement\nde l\u2019Information d\u2019Education et de la&nbsp;&nbsp; Communication<\/strong><\/p>\n\n\n\n<p>Charg\u00e9 de la publication des produits du Centre, d\u2019assurer le suivi de\nl\u2019image de la femme dans les m\u00e9dias ; d\u2019alimenter et de g\u00e9rer le site Web du\nMinist\u00e8re charg\u00e9 de la Promotion de la Femme; d\u2019amener la r\u00e9flexion sur un ou plusieurs\naspects discriminatoires; de pr\u00e9senter les r\u00e9sultats d\u2019\u00e9tude ou de recherches\nr\u00e9alis\u00e9es; de sensibiliser sur l\u2019importance des statistiques d\u00e9gag\u00e9es par sexe.<\/p>\n\n\n\n<p><strong>DECRET n\u00b0 04-027\/P-RM DU 05 FEVRIER 2004 DETERMINANT LE CADRE ORGANIQUE DU\nCENTRE NATIONAL DE DOCUMENTATION ET D\u2019INFORMATION SUR LA FEMME ET L\u2019ENFANT<\/strong><\/p>\n\n\n\n<div class=\"wp-block-image\"><figure class=\"aligncenter\"><img loading=\"lazy\" decoding=\"async\" width=\"640\" height=\"283\" src=\"http:\/\/mpfef.gouv.ml\/wp-content\/uploads\/2019\/01\/organigramme.jpg\" alt=\"\" class=\"wp-image-10380\" srcset=\"https:\/\/mpfef.gouv.ml\/wp-content\/uploads\/2019\/01\/organigramme.jpg 640w, https:\/\/mpfef.gouv.ml\/wp-content\/uploads\/2019\/01\/organigramme-300x133.jpg 300w\" sizes=\"auto, (max-width: 640px) 100vw, 640px\" \/><\/figure><\/div>\n\n\n\n<p><strong>IV.\nSERVICES OFFERTS&nbsp;:<\/strong><\/p>\n\n\n\n<p>Le CNDIFE met \u00e0 la disposition des usagers<\/p>\n\n\n\n<p>&#8211; une biblioth\u00e8que disposant de plus de 2 835 ouvrages&nbsp; <\/p>\n\n\n\n<p>&#8211;&nbsp; des dossiers de presse&nbsp;<\/p>\n\n\n\n<p><a href=\"file:\/\/\/C:\\Site_web\\bibliotheque.html\">&#8211; une bilioth\u00e8que virtuelle<\/a>\n<\/p>\n\n\n\n<p><strong>Produits\n<\/strong><\/p>\n\n\n\n<p><a href=\"file:\/\/\/C:\\Site_web\\cathalogue.pdf\">Liste des ouvrages disponibles dans\nles <\/a><a href=\"file:\/\/\/C:\\Site_web\\listes_ouvrages_rayons.pdf\">rayons<\/a><\/p>\n\n\n\n<p>&nbsp;<a href=\"file:\/\/\/C:\\Site_web\\doc_fe_enf_google.pdf\">Documents\nFemme-Enfant sur Google <\/a><\/p>\n\n\n\n<p><a href=\"file:\/\/\/C:\\Site_web\\structures_formation.pdf\">Liste des\nstructures de formation<\/a><\/p>\n\n\n\n<p><strong>V.\nPublications&nbsp;:<\/strong><\/p>\n\n\n\n<p><a href=\"file:\/\/\/C:\\Site_web\\liste_femmes_conseilleres_2009.xls\">Liste des Femmes\nConseill\u00e8res \u00e9lections 2009<\/a><a href=\"file:\/\/\/C:\\Site_web\\Conseill\u00e8res_%20\u00e9lues_vrai.xls\"> (<\/a>CNDIFE)<\/p>\n\n\n\n<p><a href=\"file:\/\/\/C:\\Site_web\\Liste_femmes_maires.xls\">Liste des Femmes\nMaires 2009<\/a> (CNDIFE)<\/p>\n\n\n\n<p><a href=\"file:\/\/\/C:\\Site_web\\rapport_final_enfants_conflit_avec_loi.pdf\" target=\"_blank\" rel=\"noreferrer noopener\">Rapport \u00e9tat des lieux de la situation des enfants en conflit avec la loi\nau Mal<\/a><strong><a href=\"file:\/\/\/C:\\Site_web\\rapport_final_enfants_conflit_avec_loi.pdf\" target=\"_blank\" rel=\"noreferrer noopener\">i<\/a> <\/strong>(CNDIFE 2009)<\/p>\n\n\n\n<p><a href=\"file:\/\/\/C:\\Site_web\\rapport_enfant_2008%20.pdf\" target=\"_blank\" rel=\"noreferrer noopener\">Rapport sur la\nsituation de l\u2019enfant&nbsp; au Mali en 2008<\/a> (CNDIFE 2009)<\/p>\n\n\n\n<p><a href=\"file:\/\/\/C:\\Site_web\\rapport_femme_2008.pdf\" target=\"_blank\" rel=\"noreferrer noopener\">Rapport sur la\nsituation de la femme au Mali en 2008<\/a> (CNDIFE 2009)<\/p>\n\n\n\n<p><a href=\"file:\/\/\/C:\\Site_web\\instruments_juridiques_cndife.pdf\">Instruments\nJuridiques CNDIFE<\/a><\/p>\n\n\n\n<p><a href=\"file:\/\/\/C:\\Site_web\\bulletin_st_fe_enf_2007.pdf\">Bulletin\nStatistique Femme\/Enfant 2007<\/a> <\/p>\n\n\n\n<p><a href=\"file:\/\/\/C:\\Site_web\\repertoire_conseilleres_2004.html\">R\u00e9pertoire des\nconseill\u00e8res \u00e9lues de 2004&nbsp;; <\/a><\/p>\n\n\n\n<p><a href=\"file:\/\/\/C:\\Site_web\\guideversionpublier.htm\">Le guide\nth\u00e9orique et pratique pour la transformation agro-alimentaire au Mali.<\/a><\/p>\n\n\n\n<p><a href=\"file:\/\/\/C:\\Site_web\\Livret%2008%20Mars%202007.pdf\">Livret du 08\nMars: Journ\u00e9e Internationale de la Femme<\/a><\/p>\n\n\n\n<p><a href=\"file:\/\/\/C:\\Site_web\\bulletin_statistique_fe_cndife_2006.pdf\">Bulletin\nStatistique Femme\/Enfant CNDIFE 2006<\/a><\/p>\n\n\n\n<p><a href=\"file:\/\/\/C:\\Site_web\\liste_association_ong_mali.pdf\">Liste des\nAssociations et ONGs F\u00e9minines au Mali<\/a> <\/p>\n\n\n\n<p><a href=\"file:\/\/\/C:\\Site_web\\recueil_textes_nationaux.pdf\">Recueil des\nTextes Nationaux sur la Femme , l&rsquo;Enfant et la Famille au Mali<\/a><\/p>\n\n\n\n<p><strong>VI.\nREALISATIONS&nbsp;du 4 eme trimestre 2010 :<\/strong><\/p>\n\n\n\n<p><strong>Utilisation du\ntemps de travail domestique par les hommes et les femmes au Mali <\/strong><\/p>\n\n\n\n<p>L\u2019Enqu\u00eate Malienne sur l\u2019Utilisation du Temps (EMUT) est une&nbsp; premi\u00e8re\nop\u00e9ration r\u00e9alis\u00e9e au Mali par l\u2019Institut National de la Statistique (INSTAT),\nen collaboration avec le Centre National de Documentation et d\u2019Information sur\nla Femme et l\u2019Enfant (CNDIFE) du 04 juin au 21 juillet 2008. Publi\u00e9e en f\u00e9vrier\n2010, sa diffusion a \u00e9t\u00e9 enti\u00e8rement assur\u00e9e par le CNDIFE en avril 2010,\naupr\u00e8s des structures \u00e9tatiques et les Partenaires Techniques et Financiers au\nMali.<\/p>\n\n\n\n<p>Elle avait pour objectif g\u00e9n\u00e9ral de rendre visible et lisible le travail\nnon r\u00e9mun\u00e9r\u00e9 des hommes et des femmes en vue de son int\u00e9gration dans les\npolitiques macro\u00e9conomiques en rapport avec les conditions de vie des m\u00e9nages.<\/p>\n\n\n\n<p>L\u2019EMUT a port\u00e9 sur l\u2019ensemble du territoire national, except\u00e9 la r\u00e9gion de\nKidal. Elle a concern\u00e9 les m\u00e9nages ordinaires vivant au Mali tant en milieu\nurbain qu\u2019en milieu rural. Sa r\u00e9alisation a permis d\u2019avoir des informations sur\nl\u2019utilisation du temps des hommes et des femmes dans les milieux urbain et\nrural. L\u2019\u00e9chantillon est constitu\u00e9 de soixante huit (68) unit\u00e9s primaires (UP)\nsoit six cent quatre vingt (680) m\u00e9nages en raison de dix (10) m\u00e9nages par UP.\nL\u2019unit\u00e9 d\u2019\u00e9chantillonnage est le m\u00e9nage et celle d\u2019observation est l\u2019individu\n\u00e2g\u00e9 de 6 \u00e0 65 ans vivant \u00e0 l\u2019int\u00e9rieur du m\u00e9nage.<br>\nAinsi, l\u2019approche a consist\u00e9 \u00e0 retenir deux individus \u00e9ligibles en l\u2019occurrence\nun homme et une femme respectivement dans les tranches d\u2019\u00e2ge 6 \u00e0 14 ans, 15 \u00e0\n49 ans et 50 \u00e0 65 ans soit un maximum de six (6) individus par m\u00e9nage.<br>\n&nbsp;L\u2019EMUT a permis de rendre visible la situation des femmes par rapport \u00e0\ncelle des hommes en fonction de leur profil (scolaires \/ non scolaires, actifs\n\/ inactifs, etc.).<br>\nLes r\u00e9sultats&nbsp; obtenus permettent de comparer la structure des emplois du\ntemps en fonction du sexe de la personne, de son groupe d\u2019\u00e2ge, des\ncaract\u00e9ristiques socio-\u00e9conomiques et d\u00e9mographiques du m\u00e9nage et du milieu de\nr\u00e9sidence (urbain&nbsp;\/ rural)<\/p>\n\n\n\n<p>L\u2019op\u00e9ration a \u00e9t\u00e9 r\u00e9alis\u00e9e par quarante-trois (43) agents des Directions\nR\u00e9gionales de la Planification, de la Statistique et de l\u2019Informatique, de\nl\u2019Am\u00e9nagement du Territoire et de la Population (DRPSIAP) des r\u00e9gions de Kayes,\nKoulikoro, Sikasso, S\u00e9gou, Mopti, Tombouctou, Gao et du district de Bamako et\npar les cadres&nbsp; de l\u2019INSTAT.<br>\nLe Recensement G\u00e9n\u00e9ral de la Population et de l\u2019Habitat de 1998 (RGPH98) a\nfourni la base de sondage.<\/p>\n\n\n\n<p>L\u2019analyse d\u00e9sagr\u00e9g\u00e9e prend en compte trois types d\u2019utilisation du\ntemps&nbsp;: le travail r\u00e9mun\u00e9r\u00e9, le travail non r\u00e9mun\u00e9r\u00e9 et les loisirs.\nL\u2019emploi du temps a permis d\u2019enregistrer le volume horaire consacr\u00e9 \u00e0 diverses\nactivit\u00e9s r\u00e9alis\u00e9es au cours d\u2019une journ\u00e9e (activit\u00e9 marchande, non marchande,\ndomestique et autres).<br>\n&nbsp;En effet, il existe des disparit\u00e9s d\u2019emploi du temps des femmes et des\nhommes \u00e2g\u00e9s de 6 \u00e0 65 ans en milieu urbain et en milieu rural d\u2019une journ\u00e9e de\n24 heures. Les diff\u00e9rences de genre sont surtout \u00e9videntes pour les activit\u00e9s\ndomestiques. Les femmes sont particuli\u00e8rement concern\u00e9es par le travail de\nmaison. Elles y consacrent ainsi 16% de leur temps chaque jour contre 2% pour\nles hommes.<\/p>\n\n\n\n<p>En s\u2019int\u00e9ressant \u00e0 <strong>la tranche d\u2019\u00e2ge des 6 \u00e0 14 ans<\/strong>, les r\u00e9sultats\nindiquent qu\u2019en ville comme en campagne, les jeunes consacrent quasiment le\nm\u00eame temps aux \u00e9tudes soit un peu plus de 13 heures. L\u2019analyse diff\u00e9renci\u00e9e\nselon le sexe montre qu\u2019en ville, les filles sont beaucoup plus concentr\u00e9es sur\nles activit\u00e9s de loisirs (21% contre 17% pour les gar\u00e7ons) soit un \u00e9cart de\ntrois points environ. En milieu rural, la tendance s\u2019inverse mais \u00e0 un niveau\nplus bas (3% contre 9%).<\/p>\n\n\n\n<p>L\u2019utilisation du temps est diff\u00e9rente chez les actifs hommes ou femmes \u00e2g\u00e9s\nde <strong>15 \u00e0 49 ans<\/strong>. En ville comme en campagne, les femmes actives\ntravaillent 10 heures par jour tandis que les actifs masculins ont une journ\u00e9e\nde 7 heures et 30 minutes. En outre, les femmes actives rurales disposent de\nmoins de temps que les actifs masculins pour d\u2019autres types d\u2019activit\u00e9s (activit\u00e9s\nhors march\u00e9, activit\u00e9s \u00e9conomiques de march\u00e9, loisirs et activit\u00e9s sociales).<\/p>\n\n\n\n<p>Par rapport aux personnes de <strong>la tranche d\u2019\u00e2ge de 50 \u00e0 65 ans<\/strong>, une\nanalyse par sexe et par milieu montre une part moins importante de non activit\u00e9\n(sommeil, repos, repas) qui repr\u00e9sente 52% de la journ\u00e9e d\u2019une femme en ville\net 54% \u00e0 la campagne contre respectivement 44% et 52% pour les hommes. Les\nr\u00e9sultats r\u00e9v\u00e8lent aussi qu\u2019en ville, les femmes consacrent moins de temps aux\nactivit\u00e9s sociales. Les hommes en ville passent alors plus de temps aux loisirs\nque ceux de la campagne.<\/p>\n\n\n\n<p>L\u2019EMUT 2008 est la premi\u00e8re op\u00e9ration de ce genre au Mali. De ce point de\nvue, il est important pour faire face aux enqu\u00eates \u00ab&nbsp;emploi du\ntemps&nbsp;\u00bb \u00e0 venir, de prendre les dispositions cons\u00e9quentes aux plans\nmat\u00e9riel, technique, humain et financier.<\/p>\n\n\n\n<p>&nbsp;&nbsp;&nbsp;&nbsp;&nbsp;&nbsp;&nbsp;&nbsp;&nbsp;&nbsp;&nbsp;&nbsp;&nbsp;&nbsp;&nbsp;&nbsp;&nbsp;&nbsp;&nbsp;&nbsp;&nbsp;&nbsp;&nbsp;\n&nbsp;&nbsp;&nbsp;&nbsp;&nbsp;&nbsp;&nbsp;&nbsp;&nbsp;&nbsp;&nbsp;&nbsp;&nbsp;&nbsp;&nbsp;&nbsp;&nbsp;&nbsp;&nbsp;&nbsp;&nbsp;&nbsp;&nbsp;&nbsp;&nbsp;&nbsp;&nbsp;&nbsp;&nbsp;&nbsp;&nbsp;&nbsp;&nbsp;&nbsp;&nbsp;&nbsp;&nbsp;&nbsp;&nbsp;&nbsp;&nbsp;&nbsp;&nbsp;&nbsp;&nbsp;&nbsp;&nbsp;&nbsp;&nbsp;&nbsp;&nbsp;&nbsp;&nbsp;&nbsp;&nbsp;&nbsp;&nbsp;&nbsp;&nbsp;&nbsp;&nbsp;&nbsp;&nbsp;&nbsp;&nbsp;&nbsp;&nbsp;&nbsp;&nbsp;&nbsp;<br>\n&nbsp;&nbsp;&nbsp;&nbsp;&nbsp;&nbsp;&nbsp;&nbsp;&nbsp;&nbsp;&nbsp;&nbsp;&nbsp;&nbsp;&nbsp;&nbsp;&nbsp;&nbsp;&nbsp;&nbsp;&nbsp;&nbsp;&nbsp;&nbsp;&nbsp;&nbsp;&nbsp;&nbsp;&nbsp;\n&nbsp;&nbsp;&nbsp;&nbsp;&nbsp;&nbsp;&nbsp;&nbsp;&nbsp;&nbsp;&nbsp;&nbsp;&nbsp;&nbsp;&nbsp;&nbsp;&nbsp;&nbsp;&nbsp;&nbsp;&nbsp;&nbsp;&nbsp;&nbsp;&nbsp;&nbsp;&nbsp;&nbsp;&nbsp;&nbsp;&nbsp;&nbsp;&nbsp;&nbsp;&nbsp;&nbsp;&nbsp;&nbsp;&nbsp;&nbsp;&nbsp;&nbsp;&nbsp;&nbsp;&nbsp;&nbsp;&nbsp;&nbsp;&nbsp;&nbsp;&nbsp;&nbsp;&nbsp;&nbsp;&nbsp;&nbsp;&nbsp;&nbsp;&nbsp;&nbsp;&nbsp;&nbsp;&nbsp;&nbsp;&nbsp;&nbsp;&nbsp;&nbsp;&nbsp;&nbsp;&nbsp;&nbsp;&nbsp;&nbsp;&nbsp;&nbsp;&nbsp;&nbsp;&nbsp;&nbsp;&nbsp;<strong>CNDIFE<\/strong><\/p>\n\n\n\n<p style=\"text-align:center\"><strong><em>CONTACTS<\/em><\/strong><em><\/em><\/p>\n\n\n\n<p style=\"text-align:center\"><strong><em>POUR SE RENDRE AU CNDIFE<\/em><\/strong><em><\/em><\/p>\n\n\n\n<p><em>Oulofobougou, Av. de l\u2019Ind\u00e9pendance, rue\nAbdoul Dramani, B.P. 2688, Bamako. <\/em><\/p>\n\n\n\n<p style=\"text-align:center\"><strong><em>POUR JOINDRE LE CNDIFE<\/em><\/strong><em><\/em><\/p>\n\n\n\n<p style=\"text-align:center\"><em>T\u00e9l. (223) 223 60 17<\/em><\/p>\n\n\n\n<p style=\"text-align:center\"><em>Fax:222 01 58 <\/em><\/p>\n\n\n\n<p style=\"text-align:center\"><em>ADRESSE COURRIEL<\/em><\/p>\n\n\n\n<p style=\"text-align:center\"><a href=\"mailto:cndife@mpfef.gov.ml\">cndife@mpfef.gov.ml<\/a><\/p>\n","protected":false},"excerpt":{"rendered":"<p style=\"text-align:center\">CENTRE NATIONAL DE DOCUMENTATION ET D&rsquo;INFORMATION <\/p>\n<p style=\"text-align:center\">SUR LA FEMME ET L&rsquo;ENFANT <\/p>\n<div class=\"wp-block-image\"><\/div>\n<p>LE CENTRE NATIONAL DE DOCUMENTATION ET D\u2019INFORMATION SUR LA FEMME ET<br \/>\nL\u2019ENFANT (CNDIFE) est cr\u00e9\u00e9 par la loi N\u00b00-004 du 14 janvier 2004 est un service<br \/>\ncentral rattach\u00e9 au Secr\u00e9tariat G\u00e9n\u00e9ral du minist\u00e8re de la Promotion de la<br \/>\nFemme de l\u2019Enfant et de la Famille<\/p>\n<p>TEXTES DE<br \/>\nCREATION&nbsp;:<\/p>\n<p>La Loi N\u00b00-004 du 14 janvier 2004 portant cr\u00e9ation du Centre National de<br \/>\nDocumentation et d\u2019Information sur la Femme et l\u2019Enfant.<\/p>\n","protected":false},"author":4,"featured_media":0,"parent":0,"menu_order":0,"comment_status":"closed","ping_status":"closed","template":"","meta":{"_monsterinsights_skip_tracking":false,"_monsterinsights_sitenote_active":false,"_monsterinsights_sitenote_note":"","_monsterinsights_sitenote_category":0,"footnotes":""},"class_list":["post-10378","page","type-page","status-publish","hentry"],"aioseo_notices":[],"_links":{"self":[{"href":"https:\/\/mpfef.gouv.ml\/index.php\/wp-json\/wp\/v2\/pages\/10378","targetHints":{"allow":["GET"]}}],"collection":[{"href":"https:\/\/mpfef.gouv.ml\/index.php\/wp-json\/wp\/v2\/pages"}],"about":[{"href":"https:\/\/mpfef.gouv.ml\/index.php\/wp-json\/wp\/v2\/types\/page"}],"author":[{"embeddable":true,"href":"https:\/\/mpfef.gouv.ml\/index.php\/wp-json\/wp\/v2\/users\/4"}],"replies":[{"embeddable":true,"href":"https:\/\/mpfef.gouv.ml\/index.php\/wp-json\/wp\/v2\/comments?post=10378"}],"version-history":[{"count":1,"href":"https:\/\/mpfef.gouv.ml\/index.php\/wp-json\/wp\/v2\/pages\/10378\/revisions"}],"predecessor-version":[{"id":10381,"href":"https:\/\/mpfef.gouv.ml\/index.php\/wp-json\/wp\/v2\/pages\/10378\/revisions\/10381"}],"wp:attachment":[{"href":"https:\/\/mpfef.gouv.ml\/index.php\/wp-json\/wp\/v2\/media?parent=10378"}],"curies":[{"name":"wp","href":"https:\/\/api.w.org\/{rel}","templated":true}]}}