{"id":9266,"date":"2017-08-23T13:18:14","date_gmt":"2017-08-23T11:18:14","guid":{"rendered":"http:\/\/172.16.1.100\/mpfef?page_id=9266"},"modified":"2017-09-05T13:28:15","modified_gmt":"2017-09-05T11:28:15","slug":"textes-de-creation","status":"publish","type":"page","link":"https:\/\/mpfef.gouv.ml\/index.php\/textes-de-creation\/","title":{"rendered":"TEXTES DE CREATION"},"content":{"rendered":"<p><img loading=\"lazy\" decoding=\"async\" class=\"wp-image-9869 alignleft\" src=\"http:\/\/mpfef.gouv.ml\/wp-content\/uploads\/2017\/08\/photo_mpfef1.jpg\" alt=\"\" width=\"264\" height=\"240\" \/>CR\u00c9ATION :<\/p>\n<p>Cr\u00e9\u00e9 par d\u00e9cret n\u00b097-282\/P-RM du 16 septembre 1997 portant nomination des membres du Gouvernement.<\/p>\n<p>I. MISSION :<\/p>\n<p>Elaboration et mise en \u0153uvre de la politique nationale de la Promotion de la Femme, de l\u2019Enfant et de la Famille.<\/p>\n<p>II. OBJECTIFS GENERAUX :<\/p>\n<p>Elaborer et mettre en \u0153uvre les mesures devant assurer le bien-\u00eatre de la Femme, de l\u2019Enfant et de la Famille ;<\/p>\n<p>Assurer une meilleure insertion \u00e9conomique, sociale et culturelle des femmes et des enfants par la prise en charge de leurs besoins sp\u00e9cifiques ;<\/p>\n<p>Promouvoir les droits de la femme et de l\u2019enfant et veiller \u00e0 leur respect ;<\/p>\n<p>Veiller \u00e0 ce que le cadre familial demeure un cadre d\u2019\u00e9quilibre dans les relations sociales.<\/p>\n<p>III. OBJECTIFS SPECIFIQUES :<\/p>\n<p>Intervenir dans la r\u00e9alisation des objectifs de promotion \u00e9conomique par la r\u00e9duction de la pauvret\u00e9 des femmes, le renforcement du r\u00f4le des femmes et la facilitation de leur acc\u00e8s au cr\u00e9dit ;<\/p>\n<p>Contribuer \u00e0 l\u2019am\u00e9lioration de la sant\u00e9 des femmes et des enfants ;<\/p>\n<p>Susciter la cr\u00e9ation d\u2019un environnement socio-culturel favorable \u00e0 la fr\u00e9quentation et \u00e0 l\u2019utilisation des services de la sant\u00e9 de la reproduction ;<\/p>\n<p>Am\u00e9liorer l\u2019acc\u00e8s des femmes \u00e0 la formation professionnelle, \u00e0 l\u2019enseignement scientifique et technique et \u00e0 l\u2019\u00e9ducation permanente en vue de leur int\u00e9gration dans le processus de d\u00e9veloppement ;<\/p>\n<p>Contribuer \u00e0 l\u2019accroissement du taux d\u2019alphab\u00e9tisation des femmes ;<\/p>\n<p>Contribuer \u00e0 l\u2019am\u00e9lioration des conditions juridiques des femmes par la promotion de leurs droits ;<\/p>\n<p>Contribuer \u00e0 assurer l\u2019effectivit\u00e9 des normes du droit positif consacrant l\u2019\u00e9galit\u00e9 entre homme et femme ;<\/p>\n<p>Veiller \u00e0 leur respect ;<\/p>\n<p>Contribuer \u00e0 accro\u00eetre la participation de la femme \u00e0 la vie publique (sur les plans national et international) et \u00e0 la prise de d\u00e9cision aux niveaux politique et administratif;<\/p>\n<p>Cr\u00e9er les institutions des femmes et\/ou renforcer leur capacit\u00e9 institutionnelle ;<\/p>\n<p>Assurer la protection sociale des enfants, de ceux vivant dans des circonstances particuli\u00e8rement difficiles ;<\/p>\n<p>Promouvoir la famille dans un r\u00f4le d\u2019\u00e9quilibre et de coh\u00e9sion sociale.<\/p>\n<p>IV. MECANISME DE CONCERTATION :<\/p>\n<p>Comit\u00e9 interminist\u00e9riel pour la promotion de la femme, de l\u2019enfant et de la famille ;<\/p>\n<p>Comit\u00e9 national d\u2019action pour l\u2019\u00e9radication des pratiques n\u00e9fastes \u00e0 la sant\u00e9 de la femme et de l\u2019enfant ;<\/p>\n<p>Commission paritaire Gouvernement-Associations-ONG pour la promotion de la femme, de l\u2019enfant et de la Famille.<\/p>\n<p>Comit\u00e9 interminist\u00e9riel pour la promotion de la femme, de l\u2019enfant et de la famille ;<\/p>\n<p>Comission paritaire Gouvernement -Associations-ONG pour la promotion de l&rsquo;enfant et de la famille<\/p>\n<p>Le conseil National de la Famille<\/p>\n<p>Archives d&rsquo;actualit\u00e9<\/p>\n<p style=\"text-align: center;\">Adresse:<\/p>\n<p style=\"text-align: center;\">BP 2688,Hamdalaye<br \/>\nACI 2000 Rue de l&rsquo;Obelisque Porte 99 &#8211; T\u00e9l : (223) 222 66 59 \/ 223 66 60 Fax:(223) 222 75 24<br \/>\nCourriel : contact@mpfef.gouv.ml<\/p>\n","protected":false},"excerpt":{"rendered":"<p>CR\u00c9ATION :<\/p>\n<p>Cr\u00e9\u00e9 par d\u00e9cret n\u00b097-282\/P-RM du 16 septembre 1997 portant nomination des membres du Gouvernement.<\/p>\n<p>I. MISSION :<\/p>\n<p>Elaboration et mise en \u0153uvre de la politique nationale de la Promotion de la Femme, de l\u2019Enfant et de la Famille.<\/p>\n<p>II. OBJECTIFS GENERAUX :<\/p>\n<p>Elaborer et mettre en \u0153uvre les mesures devant assurer le bien-\u00eatre de la Femme,<\/p>\n","protected":false},"author":2,"featured_media":0,"parent":0,"menu_order":0,"comment_status":"closed","ping_status":"closed","template":"","meta":{"_monsterinsights_skip_tracking":false,"_monsterinsights_sitenote_active":false,"_monsterinsights_sitenote_note":"","_monsterinsights_sitenote_category":0,"footnotes":""},"class_list":["post-9266","page","type-page","status-publish","hentry"],"aioseo_notices":[],"_links":{"self":[{"href":"https:\/\/mpfef.gouv.ml\/index.php\/wp-json\/wp\/v2\/pages\/9266","targetHints":{"allow":["GET"]}}],"collection":[{"href":"https:\/\/mpfef.gouv.ml\/index.php\/wp-json\/wp\/v2\/pages"}],"about":[{"href":"https:\/\/mpfef.gouv.ml\/index.php\/wp-json\/wp\/v2\/types\/page"}],"author":[{"embeddable":true,"href":"https:\/\/mpfef.gouv.ml\/index.php\/wp-json\/wp\/v2\/users\/2"}],"replies":[{"embeddable":true,"href":"https:\/\/mpfef.gouv.ml\/index.php\/wp-json\/wp\/v2\/comments?post=9266"}],"version-history":[{"count":4,"href":"https:\/\/mpfef.gouv.ml\/index.php\/wp-json\/wp\/v2\/pages\/9266\/revisions"}],"predecessor-version":[{"id":9871,"href":"https:\/\/mpfef.gouv.ml\/index.php\/wp-json\/wp\/v2\/pages\/9266\/revisions\/9871"}],"wp:attachment":[{"href":"https:\/\/mpfef.gouv.ml\/index.php\/wp-json\/wp\/v2\/media?parent=9266"}],"curies":[{"name":"wp","href":"https:\/\/api.w.org\/{rel}","templated":true}]}}

<p><img loading="lazy" decoding="async" class="wp-image-9869 alignleft" src="http://mpfef.gouv.ml/wp-content/uploads/2017/08/photo_mpfef1.jpg" alt="" width="264" height="240" />CRÉATION :</p>
<p>Créé par décret n°97-282/P-RM du 16 septembre 1997 portant nomination des membres du Gouvernement.</p>
<p>I. MISSION :</p>
<p>Elaboration et mise en œuvre de la politique nationale de la Promotion de la Femme, de l’Enfant et de la Famille.</p>
<p>II. OBJECTIFS GENERAUX :</p>
<p>Elaborer et mettre en œuvre les mesures devant assurer le bien-être de la Femme, de l’Enfant et de la Famille ;</p>
<p>Assurer une meilleure insertion économique, sociale et culturelle des femmes et des enfants par la prise en charge de leurs besoins spécifiques ;</p>
<p>Promouvoir les droits de la femme et de l’enfant et veiller à leur respect ;</p>
<p>Veiller à ce que le cadre familial demeure un cadre d’équilibre dans les relations sociales.</p>
<p>III. OBJECTIFS SPECIFIQUES :</p>
<p>Intervenir dans la réalisation des objectifs de promotion économique par la réduction de la pauvreté des femmes, le renforcement du rôle des femmes et la facilitation de leur accès au crédit ;</p>
<p>Contribuer à l’amélioration de la santé des femmes et des enfants ;</p>
<p>Susciter la création d’un environnement socio-culturel favorable à la fréquentation et à l’utilisation des services de la santé de la reproduction ;</p>
<p>Améliorer l’accès des femmes à la formation professionnelle, à l’enseignement scientifique et technique et à l’éducation permanente en vue de leur intégration dans le processus de développement ;</p>
<p>Contribuer à l’accroissement du taux d’alphabétisation des femmes ;</p>
<p>Contribuer à l’amélioration des conditions juridiques des femmes par la promotion de leurs droits ;</p>
<p>Contribuer à assurer l’effectivité des normes du droit positif consacrant l’égalité entre homme et femme ;</p>
<p>Veiller à leur respect ;</p>
<p>Contribuer à accroître la participation de la femme à la vie publique (sur les plans national et international) et à la prise de décision aux niveaux politique et administratif;</p>
<p>Créer les institutions des femmes et/ou renforcer leur capacité institutionnelle ;</p>
<p>Assurer la protection sociale des enfants, de ceux vivant dans des circonstances particulièrement difficiles ;</p>
<p>Promouvoir la famille dans un rôle d’équilibre et de cohésion sociale.</p>
<p>IV. MECANISME DE CONCERTATION :</p>
<p>Comité interministériel pour la promotion de la femme, de l’enfant et de la famille ;</p>
<p>Comité national d’action pour l’éradication des pratiques néfastes à la santé de la femme et de l’enfant ;</p>
<p>Commission paritaire Gouvernement-Associations-ONG pour la promotion de la femme, de l’enfant et de la Famille.</p>
<p>Comité interministériel pour la promotion de la femme, de l’enfant et de la famille ;</p>
<p>Comission paritaire Gouvernement -Associations-ONG pour la promotion de l&rsquo;enfant et de la famille</p>
<p>Le conseil National de la Famille</p>
<p>Archives d&rsquo;actualité</p>
<p style="text-align: center;">Adresse:</p>
<p style="text-align: center;">BP 2688,Hamdalaye<br />
ACI 2000 Rue de l&rsquo;Obelisque Porte 99 &#8211; Tél : (223) 222 66 59 / 223 66 60 Fax:(223) 222 75 24<br />
Courriel : contact@mpfef.gouv.ml</p>

<p>CRÉATION :</p>
<p>Créé par décret n°97-282/P-RM du 16 septembre 1997 portant nomination des membres du Gouvernement.</p>
<p>I. MISSION :</p>
<p>Elaboration et mise en œuvre de la politique nationale de la Promotion de la Femme, de l’Enfant et de la Famille.</p>
<p>II. OBJECTIFS GENERAUX :</p>
<p>Elaborer et mettre en œuvre les mesures devant assurer le bien-être de la Femme,</p>
