{"id":9429,"date":"2017-08-23T16:32:15","date_gmt":"2017-08-23T14:32:15","guid":{"rendered":"http:\/\/172.16.1.100\/mpfef?page_id=9429"},"modified":"2017-08-23T16:32:15","modified_gmt":"2017-08-23T14:32:15","slug":"pcita","status":"publish","type":"page","link":"https:\/\/mpfef.gouv.ml\/index.php\/pcita\/","title":{"rendered":"PCITA"},"content":{"rendered":"<p><strong><b><em>PROJET DE CONTROLE INTEGRE DE LA TRYPANOSOMOSE ANIMALE (PCITA)<\/em><\/b><\/strong><\/p>\n<p><b><em>DESCRIPTION DU PROJET: RNP 1896 PCITA &#8211; AIEA<\/em><\/b><\/p>\n<p><strong><b><em>Adresse du projet :\u00a0<\/em><\/b><\/strong>BP 9125, Sotuba ; T\u00e9l :\u00a020 24 01 43, 20 24 19 85 ; Fax : 20 24 19 73<\/p>\n<p>Email :\u00a0<a href=\"mailto:bamous_kone@hotmail.com\">bamous_kone@hotmail.com<\/a>,<\/p>\n<p><a href=\"mailto:cheicksallahsow@yahoo.fr\">cheicksallahsow@yahoo.fr<\/a><\/p>\n<p><strong><b><em>Zones d\u2019intervention:\u00a0<\/em><\/b><\/strong>District de Bamako et R\u00e9gion de Koulikoro<\/p>\n<p><strong><b><em>Secteur et Sous-secteur :\u00a0<\/em><\/b><\/strong>Economie rurale\/Elevage<\/p>\n<p><strong><b><em>Bailleurs :\u00a0<\/em><\/b><\/strong>AIEA et GRM<\/p>\n<p><strong><b><em>Co\u00fbt total :\u00a0<\/em><\/b><\/strong>3 345 millions de F CFA<\/p>\n<p><strong><b><em>Nature du financement :\u00a0<\/em><\/b><\/strong>Subvention et budget national<\/p>\n<p><strong><b><em>Modalit\u00e9 d\u2019appui :\u00a0<\/em><\/b><\/strong>Aide projet\/Appui budg\u00e9taire cibl\u00e9<\/p>\n<p><strong><b><em>Dur\u00e9e du Projet:\u00a0<\/em><\/b><\/strong>8 ans (2001-2009)<\/p>\n<p><strong><b><em>Logique d\u2019intervention du projet :<\/em><\/b><\/strong><\/p>\n<p>L\u2019objectif du projet est de contribuer \u00e0 la r\u00e9duction de la pauvret\u00e9 et \u00e0 l\u2019am\u00e9lioration de la s\u00e9curit\u00e9 alimentaire, en cr\u00e9ant des zones durablement exemptes de la mouche ts\u00e9-ts\u00e9 et de la trypanosomiase sur environ 4 500 km2 dans le bassin du fleuve Niger (zone p\u00e9riurbaine de Bamako). Dans le cadre de la strat\u00e9gie d\u2019\u00e9radication du vecteur et de la maladie en Afrique subsaharienne, le projet int\u00e8gre les techniques de r\u00e9duction de l\u2019infestation et d\u2019\u00e9radication, tout assurant de mani\u00e8re \u00e9quitable et durable la mise en valeur des zones reconquises.<\/p>\n<p>Le projet comprend les composantes suivantes :<\/p>\n<ol>\n<li>Achat de mouches,<\/li>\n<li>Recherche op\u00e9rationnelle,<\/li>\n<li>Formation \u2013 vulgarisation \u2013 Animation.<\/li>\n<\/ol>\n<p><strong><b><em>Proc\u00e9dures utilis\u00e9es pour le financement international:\u00a0<\/em><\/b><\/strong>Proc\u00e9dures nationales<\/p>\n<p><strong><b><em>Type d\u2019unit\u00e9 de gestion de projet :\u00a0<\/em><\/b><\/strong>Unit\u00e9 de gestion parall\u00e8le<\/p>\n<p><b><em>ETAT D\u2019AVANCEMENT DU PROJET :<\/em><\/b><\/p>\n<p><strong><b><em>Dates :\u00a0<\/em><\/b><\/strong>Date de signature du protocole d\u2019accord : 05\/10\/2001<\/p>\n<p>Date de mise en vigueur : 05\/10\/2001<\/p>\n<p>Date d\u00e9marrage: 2002<\/p>\n<p><strong><b><em>Situation d\u2019ex\u00e9cution des principales r\u00e9alisations physiques au 31\/12\/2009 :<\/em><\/b><\/strong><\/p>\n<table width=\"489\">\n<tbody>\n<tr>\n<td width=\"243\"><strong><b><em>\u00a0<\/em><\/b><\/strong><\/p>\n<p>&nbsp;<\/td>\n<td width=\"85\"><strong><b><em>Unit\u00e9<\/em><\/b><\/strong><\/td>\n<td width=\"66\"><strong><b><em>Niveau cible<\/em><\/b><\/strong><\/td>\n<td width=\"95\"><strong><b><em>R\u00e9alisations cumul\u00e9es<\/em><\/b><\/strong><\/td>\n<\/tr>\n<tr>\n<td width=\"243\">R\u00e9habilitation des locaux<\/td>\n<td width=\"85\">Nbre<\/td>\n<td width=\"66\">4<\/td>\n<td width=\"95\">1<\/td>\n<\/tr>\n<tr>\n<td width=\"243\">R\u00e9duction de l\u2019infestation et \u00e9radication des glossines :<\/p>\n<p>&#8211; Villages trait\u00e9s<\/p>\n<p>&#8211; Pi\u00e8ges (vavoua) plac\u00e9s<\/p>\n<p>&#8211; Brigades op\u00e9rationnelles<\/td>\n<td width=\"85\">&nbsp;<\/p>\n<p>Nbre<\/p>\n<p>Nbre<\/p>\n<p>Nbre<\/td>\n<td width=\"66\">&nbsp;<\/p>\n<p>&#8211;<\/p>\n<p>3 079<\/p>\n<p>644<\/td>\n<td width=\"95\">&nbsp;<\/p>\n<p>92<\/p>\n<p>2 345<\/p>\n<p>460<\/td>\n<\/tr>\n<tr>\n<td width=\"243\">D\u00e9pistage et traitement des personnes atteintes :<\/td>\n<td width=\"85\">Nbre<\/td>\n<td width=\"66\">&#8211;<\/td>\n<td width=\"95\">&#8211;<\/td>\n<\/tr>\n<tr>\n<td width=\"243\">Pr\u00e9valence et incidence des trypanosomoses animales<\/p>\n<p>&#8211; Echantillons de sang pr\u00e9lev\u00e9s<\/td>\n<td width=\"85\">Nbre<\/td>\n<td width=\"66\">&#8211;<\/td>\n<td width=\"95\">2 074<\/td>\n<\/tr>\n<tr>\n<td width=\"243\">Renforcement des capacit\u00e9s :<\/p>\n<p>&#8211; R\u00e9unions d\u2019information et de sensibilisation<\/p>\n<p>&#8211; Participants<\/td>\n<td width=\"85\">Nbre<\/p>\n<p>Nbre<\/td>\n<td width=\"66\">&#8211;<\/p>\n<p>&#8211;<\/td>\n<td width=\"95\">3<\/p>\n<p>157<\/td>\n<\/tr>\n<\/tbody>\n<\/table>\n<p><strong><b><em>Situation d\u2019ex\u00e9cution financi\u00e8re au 31\/12\/2009:\u00a0<\/em><\/b><\/strong><b><em>source PCITA\/CPS<\/em><\/b><\/p>\n<table width=\"527\">\n<tbody>\n<tr>\n<td width=\"139\"><strong><b><em>Sources de financement<\/em><\/b><\/strong><\/td>\n<td width=\"123\"><strong><b><em>Financements acquis<\/em><\/b><\/strong><\/p>\n<p><strong>millions F CFA<\/strong><\/td>\n<td width=\"142\"><strong><b><em>Cumul des d\u00e9caissements<\/em><\/b><\/strong><\/p>\n<p><strong>millions F CFA<\/strong><\/td>\n<td width=\"123\"><strong><b><em>Taux de d\u00e9caissement<\/em><\/b><\/strong><\/p>\n<p><strong><b><em>(en %)<\/em><\/b><\/strong><\/td>\n<\/tr>\n<tr>\n<td width=\"139\"><strong><b><em>Financement int\u00e9rieur :<\/em><\/b><\/strong><\/p>\n<p><strong>A. Budget national :<\/strong><\/p>\n<p>&#8211; Equipement \u2013 investissement PPTE :<\/p>\n<p><strong>B. Autofinancement :<\/strong><\/p>\n<p><strong>C. Autres (populations\/collectivit\u00e9s)<\/strong><\/td>\n<td width=\"123\">&nbsp;<\/p>\n<p>659<\/td>\n<td width=\"142\">&nbsp;<\/p>\n<p>650<\/td>\n<td width=\"123\">&nbsp;<\/p>\n<p>99<\/td>\n<\/tr>\n<tr>\n<td width=\"139\"><strong><b><em>Total financement int\u00e9rieur<\/em><\/b><\/strong><\/td>\n<td width=\"123\"><strong><b><em>659<\/em><\/b><\/strong><\/td>\n<td width=\"142\"><strong><b><em>650<\/em><\/b><\/strong><\/td>\n<td width=\"123\"><strong><b><em>99%<\/em><\/b><\/strong><\/td>\n<\/tr>\n<tr>\n<td width=\"139\"><strong><b><em>Financement ext\u00e9rieur :<\/em><\/b><\/strong><\/p>\n<p>&#8211; AIEA<\/td>\n<td width=\"123\">482<\/td>\n<td width=\"142\">482<\/td>\n<td width=\"123\">100%<\/td>\n<\/tr>\n<tr>\n<td width=\"139\"><strong><b><em>Total financement ext\u00e9rieur<\/em><\/b><\/strong><\/td>\n<td width=\"123\"><strong><b><em>482<\/em><\/b><\/strong><\/td>\n<td width=\"142\"><strong><b><em>482<\/em><\/b><\/strong><\/td>\n<td width=\"123\"><strong><b><em>100%<\/em><\/b><\/strong><\/td>\n<\/tr>\n<tr>\n<td width=\"139\"><strong><b><em>TOTAL DES FINANCEMENTS<\/em><\/b><\/strong><\/td>\n<td width=\"123\"><strong><b><em>1 141<\/em><\/b><\/strong><\/td>\n<td width=\"142\"><strong><b><em>1 132<\/em><\/b><\/strong><\/td>\n<td width=\"123\"><strong><b><em>99 %<\/em><\/b><\/strong><\/td>\n<\/tr>\n<\/tbody>\n<\/table>\n<p><strong>Commentaires et observations\u00a0<\/strong>: Le financement de l\u2019AIEA a permis l\u2019acquisition de 5 v\u00e9hicules ainsi que des ordinateurs, un laboratoire, un syst\u00e8me SIG, des images SPOT, des pi\u00e8ges, des insecticides et des services d\u2019experts pour la formation des techniciens. Le financement BSI a permis l\u2019achat de 5 autres v\u00e9hicules et de 11 motos. Les activit\u00e9s de lutte ont \u00e9t\u00e9 ex\u00e9cut\u00e9 sur l\u2019ensemble de la zone d\u2019intervention.<\/p>\n<p><strong><b><em>Contribution directe du Projet\/Programme \u00e0 la r\u00e9duction de la pauvret\u00e9 :<\/em><\/b><\/strong><\/p>\n<p>La r\u00e9duction de la population de mouches ts\u00e9-ts\u00e9 contribuera \u00e0 l\u2019am\u00e9lioration de la sant\u00e9 humaine (\u00e9limination de la maladie du sommeil) et celle du b\u00e9tail. Elle r\u00e9duira les pertes socio-\u00e9conomiques et permettre aux agriculteurs d\u2019\u00e9voluer vers des races plus productives. La pr\u00e9sence accrue des bovins permettra d\u2019\u00e9tendre la superficie cultiv\u00e9e tout en am\u00e9liorant les rendements des cultures (production de fumure organique).<\/p>\n","protected":false},"excerpt":{"rendered":"<p><em>PROJET DE CONTROLE INTEGRE DE LA TRYPANOSOMOSE ANIMALE (PCITA)<\/em><\/p>\n<p><em>DESCRIPTION DU PROJET: RNP 1896 PCITA &#8211; AIEA<\/em><\/p>\n<p><em>Adresse du projet :\u00a0<\/em>BP 9125, Sotuba ; T\u00e9l :\u00a020 24 01 43, 20 24 19 85 ; Fax : 20 24 19 73<\/p>\n<p>Email :\u00a0<a href=\"mailto:bamous_kone@hotmail.com\">bamous_kone@hotmail.com<\/a>,<\/p>\n","protected":false},"author":2,"featured_media":0,"parent":0,"menu_order":0,"comment_status":"closed","ping_status":"closed","template":"","meta":{"_monsterinsights_skip_tracking":false,"_monsterinsights_sitenote_active":false,"_monsterinsights_sitenote_note":"","_monsterinsights_sitenote_category":0,"footnotes":""},"class_list":["post-9429","page","type-page","status-publish","hentry"],"aioseo_notices":[],"_links":{"self":[{"href":"https:\/\/mpfef.gouv.ml\/index.php\/wp-json\/wp\/v2\/pages\/9429","targetHints":{"allow":["GET"]}}],"collection":[{"href":"https:\/\/mpfef.gouv.ml\/index.php\/wp-json\/wp\/v2\/pages"}],"about":[{"href":"https:\/\/mpfef.gouv.ml\/index.php\/wp-json\/wp\/v2\/types\/page"}],"author":[{"embeddable":true,"href":"https:\/\/mpfef.gouv.ml\/index.php\/wp-json\/wp\/v2\/users\/2"}],"replies":[{"embeddable":true,"href":"https:\/\/mpfef.gouv.ml\/index.php\/wp-json\/wp\/v2\/comments?post=9429"}],"version-history":[{"count":1,"href":"https:\/\/mpfef.gouv.ml\/index.php\/wp-json\/wp\/v2\/pages\/9429\/revisions"}],"predecessor-version":[{"id":9431,"href":"https:\/\/mpfef.gouv.ml\/index.php\/wp-json\/wp\/v2\/pages\/9429\/revisions\/9431"}],"wp:attachment":[{"href":"https:\/\/mpfef.gouv.ml\/index.php\/wp-json\/wp\/v2\/media?parent=9429"}],"curies":[{"name":"wp","href":"https:\/\/api.w.org\/{rel}","templated":true}]}}